Last updated on 2023-05-30 05:57:41 CEST.
Flavor | Version | Tinstall | Tcheck | Ttotal | Status | Flags |
---|---|---|---|---|---|---|
r-devel-linux-x86_64-debian-clang | 1.0.7 | 75.80 | 257.98 | 333.78 | OK | |
r-devel-linux-x86_64-debian-gcc | 1.0.7 | 58.38 | 198.44 | 256.82 | OK | |
r-devel-linux-x86_64-fedora-clang | 1.0.7 | 415.82 | OK | |||
r-devel-linux-x86_64-fedora-gcc | 1.0.7 | 456.59 | OK | |||
r-devel-windows-x86_64 | 1.0.7 | 59.00 | 197.00 | 256.00 | OK | |
r-patched-linux-x86_64 | 1.0.7 | 57.49 | 249.04 | 306.53 | OK | |
r-release-linux-x86_64 | 1.0.7 | 64.31 | 249.03 | 313.34 | OK | |
r-release-macos-arm64 | 1.0.7 | 104.00 | NOTE | |||
r-release-macos-x86_64 | 1.0.7 | 355.00 | NOTE | |||
r-release-windows-x86_64 | 1.0.7 | 70.00 | 276.00 | 346.00 | OK | |
r-oldrel-macos-arm64 | 1.0.7 | 92.00 | NOTE | |||
r-oldrel-macos-x86_64 | 1.0.7 | 123.00 | NOTE | |||
r-oldrel-windows-x86_64 | 1.0.7 | 72.00 | 283.00 | 355.00 | OK |
Version: 1.0.7
Check: installed package size
Result: NOTE
installed size is 10.7Mb
sub-directories of 1Mb or more:
libs 10.1Mb
Flavors: r-release-macos-arm64, r-release-macos-x86_64, r-oldrel-macos-arm64, r-oldrel-macos-x86_64