CRAN Package Check Results for Package Opt5PL

Last updated on 2023-05-30 05:57:41 CEST.

Flavor Version Tinstall Tcheck Ttotal Status Flags
r-devel-linux-x86_64-debian-clang 0.1.1 23.17 51.87 75.04 NOTE
r-devel-linux-x86_64-debian-gcc 0.1.1 18.40 38.91 57.31 NOTE
r-devel-linux-x86_64-fedora-clang 0.1.1 103.37 NOTE
r-devel-linux-x86_64-fedora-gcc 0.1.1 107.87 NOTE
r-devel-windows-x86_64 0.1.1 20.00 81.00 101.00 NOTE
r-patched-linux-x86_64 0.1.1 21.92 50.37 72.29 NOTE
r-release-linux-x86_64 0.1.1 21.25 49.58 70.83 NOTE
r-release-macos-arm64 0.1.1 31.00 NOTE
r-release-macos-x86_64 0.1.1 47.00 NOTE
r-release-windows-x86_64 0.1.1 26.00 96.00 122.00 NOTE
r-oldrel-macos-arm64 0.1.1 30.00 NOTE
r-oldrel-macos-x86_64 0.1.1 39.00 NOTE
r-oldrel-windows-x86_64 0.1.1 25.00 91.00 116.00 NOTE

Check Details

Version: 0.1.1
Check: LazyData
Result: NOTE
     'LazyData' is specified without a 'data' directory
Flavors: r-devel-linux-x86_64-debian-clang, r-devel-linux-x86_64-debian-gcc, r-devel-linux-x86_64-fedora-clang, r-devel-linux-x86_64-fedora-gcc, r-devel-windows-x86_64, r-patched-linux-x86_64, r-release-linux-x86_64, r-release-macos-arm64, r-release-macos-x86_64, r-release-windows-x86_64, r-oldrel-macos-arm64, r-oldrel-macos-x86_64, r-oldrel-windows-x86_64