Last updated on 2023-05-31 05:56:15 CEST.
Flavor | Version | Tinstall | Tcheck | Ttotal | Status | Flags |
---|---|---|---|---|---|---|
r-devel-linux-x86_64-debian-clang | 2.21.8 | 1432.25 | 441.40 | 1873.65 | NOTE | |
r-devel-linux-x86_64-debian-gcc | 2.21.8 | 1181.14 | 388.14 | 1569.28 | NOTE | |
r-devel-linux-x86_64-fedora-clang | 2.21.8 | 2939.73 | NOTE | |||
r-devel-linux-x86_64-fedora-gcc | 2.21.8 | 1874.91 | ERROR | |||
r-devel-windows-x86_64 | 2.21.8 | 989.00 | 437.00 | 1426.00 | NOTE | |
r-patched-linux-x86_64 | 2.21.8 | 1240.41 | 497.74 | 1738.15 | NOTE | |
r-release-linux-x86_64 | 2.21.8 | 1236.34 | 492.04 | 1728.38 | NOTE | |
r-release-macos-arm64 | 2.21.8 | 582.00 | NOTE | |||
r-release-macos-x86_64 | 2.21.8 | 1036.00 | NOTE | |||
r-release-windows-x86_64 | 2.21.8 | 1276.00 | 581.00 | 1857.00 | NOTE | |
r-oldrel-macos-arm64 | 2.21.8 | 555.00 | NOTE | |||
r-oldrel-macos-x86_64 | 2.21.8 | 702.00 | NOTE | |||
r-oldrel-windows-x86_64 | 2.21.8 | 1252.00 | 502.00 | 1754.00 | NOTE |
Version: 2.21.8
Check: for GNU extensions in Makefiles
Result: NOTE
GNU make is a SystemRequirements.
Flavors: r-devel-linux-x86_64-debian-clang, r-devel-linux-x86_64-debian-gcc, r-devel-linux-x86_64-fedora-clang, r-devel-windows-x86_64, r-patched-linux-x86_64, r-release-linux-x86_64, r-release-macos-arm64, r-release-macos-x86_64, r-release-windows-x86_64, r-oldrel-macos-arm64, r-oldrel-macos-x86_64, r-oldrel-windows-x86_64
Version: 2.21.8
Check: installed package size
Result: NOTE
installed size is 17.6Mb
sub-directories of 1Mb or more:
R 2.6Mb
data 1.5Mb
libs 6.4Mb
models 4.8Mb
Flavors: r-devel-linux-x86_64-fedora-clang, r-devel-windows-x86_64, r-release-macos-arm64, r-release-macos-x86_64, r-release-windows-x86_64, r-oldrel-macos-arm64, r-oldrel-macos-x86_64, r-oldrel-windows-x86_64
Version: 2.21.8
Check: whether package can be installed
Result: ERROR
Installation failed.
Flavor: r-devel-linux-x86_64-fedora-gcc