CRAN Package Check Results for Package OSLdecomposition

Last updated on 2023-05-30 05:57:41 CEST.

Flavor Version Tinstall Tcheck Ttotal Status Flags
r-devel-linux-x86_64-debian-clang 1.0.0 5.49 71.55 77.04 OK
r-devel-linux-x86_64-debian-gcc 1.0.0 4.38 53.88 58.26 OK
r-devel-linux-x86_64-fedora-clang 1.0.0 96.67 NOTE
r-devel-linux-x86_64-fedora-gcc 1.0.0 95.17 OK
r-devel-windows-x86_64 1.0.0 9.00 80.00 89.00 OK
r-patched-linux-x86_64 1.0.0 12.08 68.48 80.56 OK
r-release-linux-x86_64 1.0.0 5.79 67.63 73.42 OK
r-release-macos-arm64 1.0.0 36.00 OK
r-release-macos-x86_64 1.0.0 48.00 OK
r-release-windows-x86_64 1.0.0 9.00 91.00 100.00 OK
r-oldrel-macos-arm64 1.0.0 29.00 OK
r-oldrel-macos-x86_64 1.0.0 41.00 OK
r-oldrel-windows-x86_64 1.0.0 9.00 93.00 102.00 OK

Check Details

Version: 1.0.0
Check: Rd cross-references
Result: NOTE
    Undeclared package ‘knitr’ in Rd xrefs
Flavor: r-devel-linux-x86_64-fedora-clang