CRAN Package Check Results for Package NonNorMvtDist

Last updated on 2023-06-05 05:54:42 CEST.

Flavor Version Tinstall Tcheck Ttotal Status Flags
r-devel-linux-x86_64-debian-clang 1.0.2 4.85 38.07 42.92 NOTE
r-devel-linux-x86_64-debian-gcc 1.0.2 3.59 29.64 33.23 NOTE
r-devel-linux-x86_64-fedora-clang 1.0.2 54.37 NOTE
r-devel-linux-x86_64-fedora-gcc 1.0.2 50.05 NOTE
r-devel-windows-x86_64 1.0.2 5.00 49.00 54.00 NOTE
r-patched-linux-x86_64 1.0.2 7.92 36.59 44.51 NOTE
r-release-linux-x86_64 1.0.2 4.38 37.06 41.44 NOTE
r-release-macos-arm64 1.0.2 21.00 NOTE
r-release-macos-x86_64 1.0.2 29.00 NOTE
r-release-windows-x86_64 1.0.2 6.00 52.00 58.00 NOTE
r-oldrel-macos-arm64 1.0.2 21.00 NOTE
r-oldrel-macos-x86_64 1.0.2 27.00 NOTE
r-oldrel-windows-x86_64 1.0.2 6.00 55.00 61.00 NOTE

Check Details

Version: 1.0.2
Check: LazyData
Result: NOTE
     'LazyData' is specified without a 'data' directory
Flavors: r-devel-linux-x86_64-debian-clang, r-devel-linux-x86_64-debian-gcc, r-devel-linux-x86_64-fedora-clang, r-devel-linux-x86_64-fedora-gcc, r-devel-windows-x86_64, r-patched-linux-x86_64, r-release-linux-x86_64, r-release-macos-arm64, r-release-macos-x86_64, r-release-windows-x86_64, r-oldrel-macos-arm64, r-oldrel-macos-x86_64, r-oldrel-windows-x86_64