Last updated on 2023-06-06 05:55:17 CEST.
Flavor | Version | Tinstall | Tcheck | Ttotal | Status | Flags |
---|---|---|---|---|---|---|
r-devel-linux-x86_64-debian-clang | 0.6 | 3.17 | 28.60 | 31.77 | NOTE | |
r-devel-linux-x86_64-debian-gcc | 0.6 | 2.65 | 23.50 | 26.15 | NOTE | |
r-devel-linux-x86_64-fedora-clang | 0.6 | 41.44 | NOTE | |||
r-devel-linux-x86_64-fedora-gcc | 0.6 | 40.58 | NOTE | |||
r-devel-windows-x86_64 | 0.6 | 9.00 | 44.00 | 53.00 | NOTE | |
r-patched-linux-x86_64 | 0.6 | 3.52 | 27.54 | 31.06 | NOTE | |
r-release-linux-x86_64 | 0.6 | 2.93 | 27.59 | 30.52 | NOTE | |
r-release-macos-arm64 | 0.6 | 17.00 | NOTE | |||
r-release-macos-x86_64 | 0.6 | 23.00 | NOTE | |||
r-release-windows-x86_64 | 0.6 | 6.00 | 44.00 | 50.00 | NOTE | |
r-oldrel-macos-arm64 | 0.6 | 17.00 | NOTE | |||
r-oldrel-macos-x86_64 | 0.6 | 23.00 | NOTE | |||
r-oldrel-windows-x86_64 | 0.6 | 6.00 | 45.00 | 51.00 | NOTE |
Version: 0.6
Check: LazyData
Result: NOTE
'LazyData' is specified without a 'data' directory
Flavors: r-devel-linux-x86_64-debian-clang, r-devel-linux-x86_64-debian-gcc, r-devel-linux-x86_64-fedora-clang, r-devel-linux-x86_64-fedora-gcc, r-devel-windows-x86_64, r-patched-linux-x86_64, r-release-linux-x86_64, r-release-macos-arm64, r-release-macos-x86_64, r-release-windows-x86_64, r-oldrel-macos-arm64, r-oldrel-macos-x86_64, r-oldrel-windows-x86_64