Last updated on 2023-05-28 05:52:13 CEST.
Flavor | Version | Tinstall | Tcheck | Ttotal | Status | Flags |
---|---|---|---|---|---|---|
r-devel-linux-x86_64-debian-clang | 0.9.9 | 66.37 | 423.78 | 490.15 | NOTE | |
r-devel-linux-x86_64-debian-gcc | 0.9.9 | 53.66 | 276.89 | 330.55 | NOTE | |
r-devel-linux-x86_64-fedora-clang | 0.9.9 | 447.17 | NOTE | |||
r-devel-linux-x86_64-fedora-gcc | 0.9.9 | 582.42 | NOTE | |||
r-devel-windows-x86_64 | 0.9.9 | 62.00 | 291.00 | 353.00 | NOTE | |
r-patched-linux-x86_64 | 0.9.9 | 51.80 | 356.78 | 408.58 | NOTE | |
r-release-linux-x86_64 | 0.9.9 | 50.12 | 374.97 | 425.09 | NOTE | |
r-release-macos-arm64 | 0.9.7 | 113.00 | NOTE | |||
r-release-macos-x86_64 | 0.9.7 | 340.00 | NOTE | |||
r-release-windows-x86_64 | 0.9.9 | 80.00 | 390.00 | 470.00 | NOTE | |
r-oldrel-macos-arm64 | 0.9.7 | 115.00 | NOTE | |||
r-oldrel-macos-x86_64 | 0.9.9 | 172.00 | NOTE | |||
r-oldrel-windows-x86_64 | 0.9.9 | 75.00 | 372.00 | 447.00 | NOTE |
Version: 0.9.9
Check: for GNU extensions in Makefiles
Result: NOTE
GNU make is a SystemRequirements.
Flavors: r-devel-linux-x86_64-debian-clang, r-devel-linux-x86_64-debian-gcc, r-devel-linux-x86_64-fedora-clang, r-devel-linux-x86_64-fedora-gcc, r-devel-windows-x86_64, r-patched-linux-x86_64, r-release-linux-x86_64, r-release-windows-x86_64, r-oldrel-macos-x86_64, r-oldrel-windows-x86_64
Version: 0.9.7
Check: for GNU extensions in Makefiles
Result: NOTE
GNU make is a SystemRequirements.
Flavors: r-release-macos-arm64, r-release-macos-x86_64, r-oldrel-macos-arm64