CRAN Package Check Results for Package NAEPprimer

Last updated on 2024-04-20 05:58:59 CEST.

Flavor Version Tinstall Tcheck Ttotal Status Flags
r-devel-linux-x86_64-debian-clang 1.0.1 2.88 19.19 22.07 NOTE
r-devel-linux-x86_64-debian-gcc 1.0.1 2.23 14.93 17.16 NOTE
r-devel-linux-x86_64-fedora-clang 1.0.1 27.11 NOTE
r-devel-linux-x86_64-fedora-gcc 1.0.1 26.57 NOTE
r-prerel-macos-arm64 1.0.1 13.00 NOTE
r-prerel-windows-x86_64 1.0.1 4.00 34.00 38.00 NOTE
r-patched-linux-x86_64 1.0.1 3.03 18.81 21.84 NOTE
r-release-linux-x86_64 1.0.1 2.95 18.27 21.22 NOTE
r-release-macos-arm64 1.0.1 16.00 NOTE
r-release-macos-x86_64 1.0.1 18.00 NOTE
r-release-windows-x86_64 1.0.1 4.00 33.00 37.00 NOTE
r-oldrel-macos-arm64 1.0.1 14.00 NOTE
r-oldrel-windows-x86_64 1.0.1 6.00 40.00 46.00 NOTE

Check Details

Version: 1.0.1
Check: Rd files
Result: NOTE checkRd: (-1) M36NT2PM.dat.Rd:37: Lost braces in \itemize; meant \describe ? checkRd: (-1) M36NT2PM.dat.Rd:38: Lost braces in \itemize; meant \describe ? Flavors: r-devel-linux-x86_64-debian-clang, r-devel-linux-x86_64-debian-gcc, r-devel-linux-x86_64-fedora-clang, r-devel-linux-x86_64-fedora-gcc, r-prerel-macos-arm64, r-prerel-windows-x86_64, r-patched-linux-x86_64

Version: 1.0.1
Check: LazyData
Result: NOTE 'LazyData' is specified without a 'data' directory Flavors: r-devel-linux-x86_64-debian-clang, r-devel-linux-x86_64-debian-gcc, r-devel-linux-x86_64-fedora-clang, r-devel-linux-x86_64-fedora-gcc, r-prerel-macos-arm64, r-prerel-windows-x86_64, r-patched-linux-x86_64, r-release-linux-x86_64, r-release-macos-arm64, r-release-macos-x86_64, r-release-windows-x86_64, r-oldrel-macos-arm64, r-oldrel-windows-x86_64

Version: 1.0.1
Check: installed package size
Result: NOTE installed size is 16.3Mb sub-directories of 1Mb or more: extdata 16.2Mb Flavors: r-devel-linux-x86_64-fedora-clang, r-prerel-macos-arm64, r-prerel-windows-x86_64, r-release-macos-arm64, r-release-macos-x86_64, r-release-windows-x86_64, r-oldrel-macos-arm64, r-oldrel-windows-x86_64