Last updated on 2023-06-04 05:50:48 CEST.
Flavor | Version | Tinstall | Tcheck | Ttotal | Status | Flags |
---|---|---|---|---|---|---|
r-devel-linux-x86_64-debian-clang | 1.1.0 | 50.25 | 153.58 | 203.83 | OK | |
r-devel-linux-x86_64-debian-gcc | 1.1.0 | 38.43 | 111.61 | 150.04 | OK | |
r-devel-linux-x86_64-fedora-clang | 1.1.0 | 249.46 | OK | |||
r-devel-linux-x86_64-fedora-gcc | 1.1.0 | 272.86 | OK | |||
r-devel-windows-x86_64 | 1.1.0 | 39.00 | 148.00 | 187.00 | OK | |
r-patched-linux-x86_64 | 1.1.0 | 53.67 | 139.34 | 193.01 | OK | |
r-release-linux-x86_64 | 1.1.0 | 39.47 | 142.56 | 182.03 | OK | |
r-release-macos-arm64 | 1.1.0 | 72.00 | NOTE | |||
r-release-macos-x86_64 | 1.1.0 | 127.00 | NOTE | |||
r-release-windows-x86_64 | 1.1.0 | 50.00 | 189.00 | 239.00 | OK | |
r-oldrel-macos-arm64 | 1.1.0 | 54.00 | NOTE | |||
r-oldrel-macos-x86_64 | 1.1.0 | 86.00 | OK | |||
r-oldrel-windows-x86_64 | 1.1.0 | 55.00 | 166.00 | 221.00 | OK |
Version: 1.1.0
Check: package dependencies
Result: NOTE
Package suggested but not available for checking: ‘rhdf5’
Flavors: r-release-macos-arm64, r-release-macos-x86_64, r-oldrel-macos-arm64