CRAN Package Check Results for Package MonetDB.R

Last updated on 2023-05-28 05:52:13 CEST.

Flavor Version Tinstall Tcheck Ttotal Status Flags
r-devel-linux-x86_64-debian-clang 2.0.0 7.27 35.63 42.90 OK
r-devel-linux-x86_64-debian-gcc 2.0.0 5.36 27.61 32.97 OK
r-devel-linux-x86_64-fedora-clang 2.0.0 54.01 NOTE
r-devel-linux-x86_64-fedora-gcc 2.0.0 54.55 NOTE
r-devel-windows-x86_64 2.0.0 9.00 49.00 58.00 OK
r-patched-linux-x86_64 2.0.0 4.83 34.00 38.83 OK
r-release-linux-x86_64 2.0.0 4.10 34.21 38.31 OK
r-release-macos-arm64 2.0.0 26.00 OK
r-release-macos-x86_64 2.0.0 32.00 OK
r-release-windows-x86_64 2.0.0 11.00 52.00 63.00 OK
r-oldrel-macos-arm64 2.0.0 22.00 NOTE
r-oldrel-macos-x86_64 2.0.0 37.00 NOTE
r-oldrel-windows-x86_64 2.0.0 11.00 56.00 67.00 OK

Check Details

Version: 2.0.0
Check: dependencies in R code
Result: NOTE
    Namespace in Imports field not imported from: ‘testthat’
     All declared Imports should be used.
Flavors: r-devel-linux-x86_64-fedora-clang, r-devel-linux-x86_64-fedora-gcc, r-oldrel-macos-arm64, r-oldrel-macos-x86_64