CRAN Package Check Results for Package MixTwice

Last updated on 2023-06-05 05:54:40 CEST.

Flavor Version Tinstall Tcheck Ttotal Status Flags
r-devel-linux-x86_64-debian-clang 2.0 2.35 27.60 29.95 OK
r-devel-linux-x86_64-debian-gcc 2.0 2.15 21.26 23.41 OK
r-devel-linux-x86_64-fedora-clang 2.0 38.06 NOTE
r-devel-linux-x86_64-fedora-gcc 2.0 36.05 NOTE
r-devel-windows-x86_64 2.0 3.00 50.00 53.00 OK
r-patched-linux-x86_64 2.0 1.97 26.98 28.95 OK
r-release-linux-x86_64 2.0 2.46 27.00 29.46 OK
r-release-macos-arm64 2.0 19.00 OK
r-release-macos-x86_64 2.0 23.00 OK
r-release-windows-x86_64 2.0 4.00 48.00 52.00 OK
r-oldrel-macos-arm64 2.0 19.00 NOTE
r-oldrel-macos-x86_64 2.0 25.00 NOTE
r-oldrel-windows-x86_64 2.0 4.00 49.00 53.00 OK

Check Details

Version: 2.0
Check: dependencies in R code
Result: NOTE
    Namespaces in Imports field not imported from:
     ‘ashr’ ‘fdrtool’
     All declared Imports should be used.
Flavors: r-devel-linux-x86_64-fedora-clang, r-devel-linux-x86_64-fedora-gcc, r-oldrel-macos-arm64, r-oldrel-macos-x86_64