Last updated on 2023-06-04 05:50:47 CEST.
Flavor | Version | Tinstall | Tcheck | Ttotal | Status | Flags |
---|---|---|---|---|---|---|
r-devel-linux-x86_64-debian-clang | 1.1 | 35.49 | 316.62 | 352.11 | OK | |
r-devel-linux-x86_64-debian-gcc | 1.1 | 26.83 | 233.06 | 259.89 | OK | |
r-devel-linux-x86_64-fedora-clang | 1.1 | 456.70 | NOTE | |||
r-devel-linux-x86_64-fedora-gcc | 1.1 | 454.01 | NOTE | |||
r-devel-windows-x86_64 | 1.1 | 30.00 | 227.00 | 257.00 | OK | |
r-patched-linux-x86_64 | 1.1 | 31.24 | 292.36 | 323.60 | OK | |
r-release-linux-x86_64 | 1.1 | 29.80 | 297.60 | 327.40 | OK | |
r-release-macos-arm64 | 1.1 | 5.00 | ERROR | |||
r-release-macos-x86_64 | 1.1 | 7.00 | ERROR | |||
r-release-windows-x86_64 | 1.1 | 40.00 | 293.00 | 333.00 | OK | |
r-oldrel-macos-arm64 | 1.1 | 103.00 | NOTE | |||
r-oldrel-macos-x86_64 | 1.1 | 173.00 | NOTE | |||
r-oldrel-windows-x86_64 | 1.1 | 41.00 | 276.00 | 317.00 | OK |
Version: 1.1
Check: dependencies in R code
Result: NOTE
Namespaces in Imports field not imported from:
‘MASS’ ‘Matrix’ ‘utils’
All declared Imports should be used.
Flavors: r-devel-linux-x86_64-fedora-clang, r-devel-linux-x86_64-fedora-gcc, r-oldrel-macos-arm64, r-oldrel-macos-x86_64
Version: 1.1
Check: package dependencies
Result: ERROR
Package required but not available: ‘phyloseq’
See section ‘The DESCRIPTION file’ in the ‘Writing R Extensions’
manual.
Flavors: r-release-macos-arm64, r-release-macos-x86_64