Last updated on 2023-06-10 05:52:37 CEST.
Flavor | Version | Tinstall | Tcheck | Ttotal | Status | Flags |
---|---|---|---|---|---|---|
r-devel-linux-x86_64-debian-clang | 2.1.2 | 18.82 | 120.73 | 139.55 | OK | |
r-devel-linux-x86_64-debian-gcc | 2.1.2 | 12.84 | 90.54 | 103.38 | OK | |
r-devel-linux-x86_64-fedora-clang | 2.1.2 | 169.15 | NOTE | |||
r-devel-linux-x86_64-fedora-gcc | 2.1.2 | 158.14 | NOTE | |||
r-devel-windows-x86_64 | 2.1.2 | 14.00 | 99.00 | 113.00 | OK | |
r-patched-linux-x86_64 | 2.1.2 | 16.60 | 111.63 | 128.23 | OK | |
r-release-linux-x86_64 | 2.1.2 | 12.49 | 111.93 | 124.42 | OK | |
r-release-macos-arm64 | 2.1.2 | 47.00 | OK | |||
r-release-macos-x86_64 | 2.1.2 | 76.00 | OK | |||
r-release-windows-x86_64 | 2.1.2 | 18.00 | 126.00 | 144.00 | OK | |
r-oldrel-macos-arm64 | 2.1.2 | 40.00 | NOTE | |||
r-oldrel-macos-x86_64 | 2.1.2 | 83.00 | NOTE | |||
r-oldrel-windows-x86_64 | 2.1.2 | 19.00 | 122.00 | 141.00 | OK |
Version: 2.1.2
Check: dependencies in R code
Result: NOTE
Namespace in Imports field not imported from: ‘metadat’
All declared Imports should be used.
Flavors: r-devel-linux-x86_64-fedora-clang, r-devel-linux-x86_64-fedora-gcc, r-oldrel-macos-arm64, r-oldrel-macos-x86_64