CRAN Package Check Results for Package MaxMC

Last updated on 2023-06-05 05:54:40 CEST.

Flavor Version Tinstall Tcheck Ttotal Status Flags
r-devel-linux-x86_64-debian-clang 0.1.1 2.98 37.20 40.18 NOTE
r-devel-linux-x86_64-debian-gcc 0.1.1 2.18 29.09 31.27 NOTE
r-devel-linux-x86_64-fedora-clang 0.1.1 50.95 NOTE
r-devel-linux-x86_64-fedora-gcc 0.1.1 48.26 NOTE
r-devel-windows-x86_64 0.1.1 3.00 52.00 55.00 NOTE
r-patched-linux-x86_64 0.1.1 6.06 36.63 42.69 NOTE
r-release-linux-x86_64 0.1.1 2.80 36.48 39.28 NOTE
r-release-macos-arm64 0.1.1 23.00 NOTE
r-release-macos-x86_64 0.1.1 32.00 NOTE
r-release-windows-x86_64 0.1.1 6.00 55.00 61.00 NOTE
r-oldrel-macos-arm64 0.1.1 22.00 NOTE
r-oldrel-macos-x86_64 0.1.1 29.00 NOTE
r-oldrel-windows-x86_64 0.1.1 4.00 56.00 60.00 NOTE

Check Details

Version: 0.1.1
Check: LazyData
Result: NOTE
     'LazyData' is specified without a 'data' directory
Flavors: r-devel-linux-x86_64-debian-clang, r-devel-linux-x86_64-debian-gcc, r-devel-linux-x86_64-fedora-clang, r-devel-linux-x86_64-fedora-gcc, r-devel-windows-x86_64, r-patched-linux-x86_64, r-release-linux-x86_64, r-release-macos-arm64, r-release-macos-x86_64, r-release-windows-x86_64, r-oldrel-macos-arm64, r-oldrel-macos-x86_64, r-oldrel-windows-x86_64