Last updated on 2023-06-03 05:52:35 CEST.
Flavor | Version | Tinstall | Tcheck | Ttotal | Status | Flags |
---|---|---|---|---|---|---|
r-devel-linux-x86_64-debian-clang | 0.1.13 | 161.79 | 221.47 | 383.26 | NOTE | |
r-devel-linux-x86_64-debian-gcc | 0.1.13 | 131.36 | 164.96 | 296.32 | NOTE | |
r-devel-linux-x86_64-fedora-clang | 0.1.13 | 514.00 | NOTE | |||
r-devel-linux-x86_64-fedora-gcc | 0.1.13 | 554.63 | NOTE | |||
r-devel-windows-x86_64 | 0.1.13 | 125.00 | 189.00 | 314.00 | NOTE | |
r-patched-linux-x86_64 | 0.1.13 | NOTE | ||||
r-release-linux-x86_64 | 0.1.13 | 132.72 | 206.74 | 339.46 | NOTE | |
r-release-macos-arm64 | 0.1.13 | 135.00 | NOTE | |||
r-release-macos-x86_64 | 0.1.13 | 229.00 | NOTE | |||
r-release-windows-x86_64 | 0.1.13 | 160.00 | 249.00 | 409.00 | NOTE | |
r-oldrel-macos-arm64 | 0.1.13 | 126.00 | NOTE | |||
r-oldrel-macos-x86_64 | 0.1.13 | 156.00 | NOTE | |||
r-oldrel-windows-x86_64 | 0.1.13 | 143.00 | 223.00 | 366.00 | OK |
Version: 0.1.13
Check: C++ specification
Result: NOTE
Specified C++11: please drop specification unless essential
Flavors: r-devel-linux-x86_64-debian-clang, r-devel-linux-x86_64-debian-gcc, r-devel-linux-x86_64-fedora-clang, r-devel-linux-x86_64-fedora-gcc, r-devel-windows-x86_64, r-patched-linux-x86_64, r-release-linux-x86_64, r-release-macos-arm64, r-release-macos-x86_64, r-release-windows-x86_64
Version: 0.1.13
Check: installed package size
Result: NOTE
installed size is 11.5Mb
sub-directories of 1Mb or more:
R 2.1Mb
libs 9.3Mb
Flavors: r-release-macos-arm64, r-release-macos-x86_64, r-oldrel-macos-arm64, r-oldrel-macos-x86_64