Last updated on 2023-06-08 05:58:15 CEST.
Flavor | Version | Tinstall | Tcheck | Ttotal | Status | Flags |
---|---|---|---|---|---|---|
r-devel-linux-x86_64-debian-clang | 0.0.9 | 25.42 | 63.24 | 88.66 | OK | |
r-devel-linux-x86_64-debian-gcc | 0.0.9 | 20.22 | 45.09 | 65.31 | OK | |
r-devel-linux-x86_64-fedora-clang | 0.0.9 | 116.94 | OK | |||
r-devel-linux-x86_64-fedora-gcc | 0.0.9 | 126.82 | OK | |||
r-devel-windows-x86_64 | 0.0.9 | 20.00 | 99.00 | 119.00 | OK | |
r-patched-linux-x86_64 | 0.0.9 | 17.67 | 60.72 | 78.39 | OK | |
r-release-linux-x86_64 | 0.0.9 | 19.74 | 43.76 | 63.50 | ERROR | |
r-release-macos-arm64 | 0.0.9 | 45.00 | OK | |||
r-release-macos-x86_64 | 0.0.9 | 67.00 | OK | |||
r-release-windows-x86_64 | 0.0.9 | 26.00 | 104.00 | 130.00 | OK | |
r-oldrel-macos-arm64 | 0.0.9 | 36.00 | OK | |||
r-oldrel-macos-x86_64 | 0.0.9 | 47.00 | OK | |||
r-oldrel-windows-x86_64 | 0.0.9 | 25.00 | 102.00 | 127.00 | OK |
Version: 0.0.9
Check: re-building of vignette outputs
Result: ERROR
Error(s) in re-building vignettes:
...
--- re-building ‘MSinference.Rnw’ using knitr
Quitting from lines 250-271 [unnamed-chunk-15] (MSinference.Rnw)
Error: processing vignette ‘MSinference.Rnw’ failed with diagnostics:
arguments imply differing number of rows: 0, 1
--- failed re-building ‘MSinference.Rnw’
SUMMARY: processing the following file failed:
‘MSinference.Rnw’
Error: Vignette re-building failed.
Execution halted
Flavor: r-release-linux-x86_64