Last updated on 2023-06-08 05:58:15 CEST.
Flavor | Version | Tinstall | Tcheck | Ttotal | Status | Flags |
---|---|---|---|---|---|---|
r-devel-linux-x86_64-debian-clang | 3.0 | 31.49 | 155.10 | 186.59 | OK | |
r-devel-linux-x86_64-debian-gcc | 3.0 | 26.84 | 110.64 | 137.48 | OK | |
r-devel-linux-x86_64-fedora-clang | 3.0 | 230.84 | NOTE | |||
r-devel-linux-x86_64-fedora-gcc | 3.0 | 215.58 | NOTE | |||
r-devel-windows-x86_64 | 3.0 | 27.00 | 108.00 | 135.00 | OK | |
r-patched-linux-x86_64 | 3.0 | 31.54 | 141.29 | 172.83 | OK | |
r-release-linux-x86_64 | 3.0 | 25.44 | 142.41 | 167.85 | OK | |
r-release-macos-arm64 | 3.0 | 60.00 | OK | |||
r-release-macos-x86_64 | 3.0 | 93.00 | OK | |||
r-release-windows-x86_64 | 3.0 | 38.00 | 136.00 | 174.00 | OK | |
r-oldrel-macos-arm64 | 3.0 | 53.00 | NOTE | |||
r-oldrel-macos-x86_64 | 3.0 | 87.00 | NOTE | |||
r-oldrel-windows-x86_64 | 3.0 | 38.00 | 135.00 | 173.00 | OK |
Version: 3.0
Check: dependencies in R code
Result: NOTE
Namespaces in Imports field not imported from:
‘datasets’ ‘grDevices’ ‘graphics’ ‘iterators’ ‘methods’
All declared Imports should be used.
Flavors: r-devel-linux-x86_64-fedora-clang, r-devel-linux-x86_64-fedora-gcc, r-oldrel-macos-arm64, r-oldrel-macos-x86_64