Last updated on 2023-06-04 05:50:48 CEST.
Flavor | Version | Tinstall | Tcheck | Ttotal | Status | Flags |
---|---|---|---|---|---|---|
r-devel-linux-x86_64-debian-clang | 0.4-2 | 9.23 | 94.20 | 103.43 | NOTE | |
r-devel-linux-x86_64-debian-gcc | 0.4-2 | 5.83 | 70.46 | 76.29 | NOTE | |
r-devel-linux-x86_64-fedora-clang | 0.4-2 | 124.59 | NOTE | |||
r-devel-linux-x86_64-fedora-gcc | 0.4-2 | 136.16 | NOTE | |||
r-devel-windows-x86_64 | 0.4-2 | 9.00 | 106.00 | 115.00 | NOTE | |
r-patched-linux-x86_64 | 0.4-2 | 7.01 | 86.81 | 93.82 | NOTE | |
r-release-linux-x86_64 | 0.4-2 | 6.26 | 86.41 | 92.67 | NOTE | |
r-release-macos-arm64 | 0.4-2 | 57.00 | NOTE | |||
r-release-macos-x86_64 | 0.4-2 | 84.00 | NOTE | |||
r-release-windows-x86_64 | 0.4-2 | 10.00 | 130.00 | 140.00 | NOTE | |
r-oldrel-macos-arm64 | 0.4-2 | 55.00 | NOTE | |||
r-oldrel-macos-x86_64 | 0.4-2 | 63.00 | NOTE | |||
r-oldrel-windows-x86_64 | 0.4-2 | 10.00 | 132.00 | 142.00 | NOTE |
Version: 0.4-2
Check: LazyData
Result: NOTE
'LazyData' is specified without a 'data' directory
Flavors: r-devel-linux-x86_64-debian-clang, r-devel-linux-x86_64-debian-gcc, r-devel-linux-x86_64-fedora-clang, r-devel-linux-x86_64-fedora-gcc, r-devel-windows-x86_64, r-patched-linux-x86_64, r-release-linux-x86_64, r-release-macos-arm64, r-release-macos-x86_64, r-release-windows-x86_64, r-oldrel-macos-arm64, r-oldrel-macos-x86_64, r-oldrel-windows-x86_64