Last updated on 2023-06-04 05:50:48 CEST.
Flavor | Version | Tinstall | Tcheck | Ttotal | Status | Flags |
---|---|---|---|---|---|---|
r-devel-linux-x86_64-debian-clang | 1.6-6 | 4.03 | 60.99 | 65.02 | OK | |
r-devel-linux-x86_64-debian-gcc | 1.6-6 | 3.50 | 47.62 | 51.12 | OK | |
r-devel-linux-x86_64-fedora-clang | 1.6-6 | 84.39 | OK | |||
r-devel-linux-x86_64-fedora-gcc | 1.6-6 | 102.10 | OK | |||
r-devel-windows-x86_64 | 1.6-6 | 6.00 | 95.00 | 101.00 | OK | |
r-patched-linux-x86_64 | 1.6-6 | 5.61 | 60.16 | 65.77 | OK | |
r-release-linux-x86_64 | 1.6-6 | 4.41 | 59.16 | 63.57 | OK | |
r-release-macos-arm64 | 1.6-6 | 44.00 | OK | |||
r-release-macos-x86_64 | 1.6-6 | 63.00 | NOTE | |||
r-release-windows-x86_64 | 1.6-6 | 7.00 | 97.00 | 104.00 | OK | |
r-oldrel-macos-arm64 | 1.6-6 | 39.00 | OK | |||
r-oldrel-macos-x86_64 | 1.6-6 | 49.00 | OK | |||
r-oldrel-windows-x86_64 | 1.6-6 | 10.00 | 103.00 | 113.00 | OK |
Version: 1.6-6
Check: re-building of vignette outputs
Result: NOTE
Error(s) in re-building vignettes:
--- re-building ‘Gianfranco.Rnw’ using Sweave
Loading required package: Oarray
Loading required package: partitions
Attaching package: 'MM'
The following object is masked from 'package:partitions':
multinomial
Warning: glm.fit: fitted rates numerically 0 occurred
Error: processing vignette 'Gianfranco.Rnw' failed with diagnostics:
Running 'texi2dvi' on 'Gianfranco.tex' failed.
LaTeX errors:
! LaTeX Error: File `dsfont.sty' not found.
Type X to quit or <RETURN> to proceed,
or enter new name. (Default extension: sty)
! Emergency stop.
<read *>
l.4 \usepackage
{bbm}^^M
! ==> Fatal error occurred, no output PDF file produced!
--- failed re-building 'Gianfranco.Rnw'
SUMMARY: processing the following file failed:
'Gianfranco.Rnw'
Error: Vignette re-building failed.
Execution halted
Flavor: r-release-macos-x86_64