CRAN Package Check Results for Package MAPITR

Last updated on 2023-05-30 05:57:38 CEST.

Flavor Version Tinstall Tcheck Ttotal Status Flags
r-devel-linux-x86_64-debian-clang 1.1.2 43.76 52.25 96.01 NOTE
r-devel-linux-x86_64-debian-gcc 1.1.2 33.30 40.93 74.23 NOTE
r-devel-linux-x86_64-fedora-clang 1.1.2 130.65 NOTE
r-devel-linux-x86_64-fedora-gcc 1.1.2 152.69 NOTE
r-devel-windows-x86_64 1.1.2 30.00 87.00 117.00 NOTE
r-patched-linux-x86_64 1.1.2 32.52 51.27 83.79 NOTE
r-release-linux-x86_64 1.1.2 32.79 51.20 83.99 NOTE
r-release-macos-arm64 1.1.2 50.00 NOTE
r-release-macos-x86_64 1.1.2 76.00 NOTE
r-release-windows-x86_64 1.1.2 41.00 98.00 139.00 NOTE
r-oldrel-macos-arm64 1.1.2 43.00 OK
r-oldrel-macos-x86_64 1.1.2 52.00 OK
r-oldrel-windows-x86_64 1.1.2 41.00 93.00 134.00 OK

Check Details

Version: 1.1.2
Check: C++ specification
Result: NOTE
     Specified C++11: please drop specification unless essential
Flavors: r-devel-linux-x86_64-debian-clang, r-devel-linux-x86_64-debian-gcc, r-devel-linux-x86_64-fedora-clang, r-devel-linux-x86_64-fedora-gcc, r-devel-windows-x86_64, r-patched-linux-x86_64, r-release-linux-x86_64, r-release-macos-arm64, r-release-macos-x86_64, r-release-windows-x86_64