CRAN Package Check Results for Package M2SMJF

Last updated on 2023-06-09 05:55:03 CEST.

Flavor Version Tinstall Tcheck Ttotal Status Flags
r-devel-linux-x86_64-debian-clang 1.0 4.71 48.62 53.33 NOTE
r-devel-linux-x86_64-debian-gcc 1.0 3.01 35.70 38.71 NOTE
r-devel-linux-x86_64-fedora-clang 1.0 66.29 NOTE
r-devel-linux-x86_64-fedora-gcc 1.0 80.73 NOTE
r-devel-windows-x86_64 1.0 9.00 60.00 69.00 NOTE
r-patched-linux-x86_64 1.0 5.09 46.11 51.20 NOTE
r-release-linux-x86_64 1.0 5.61 46.67 52.28 NOTE
r-release-macos-arm64 1.0 32.00 NOTE
r-release-macos-x86_64 1.0 45.00 NOTE
r-release-windows-x86_64 1.0 8.00 66.00 74.00 NOTE
r-oldrel-macos-arm64 1.0 25.00 NOTE
r-oldrel-macos-x86_64 1.0 45.00 NOTE
r-oldrel-windows-x86_64 1.0 7.00 66.00 73.00 NOTE

Check Details

Version: 1.0
Check: LazyData
Result: NOTE
     'LazyData' is specified without a 'data' directory
Flavors: r-devel-linux-x86_64-debian-clang, r-devel-linux-x86_64-debian-gcc, r-devel-linux-x86_64-fedora-clang, r-devel-linux-x86_64-fedora-gcc, r-devel-windows-x86_64, r-patched-linux-x86_64, r-release-linux-x86_64, r-release-macos-arm64, r-release-macos-x86_64, r-release-windows-x86_64, r-oldrel-macos-arm64, r-oldrel-macos-x86_64, r-oldrel-windows-x86_64