Last updated on 2023-06-10 05:52:36 CEST.
Flavor | Version | Tinstall | Tcheck | Ttotal | Status | Flags |
---|---|---|---|---|---|---|
r-devel-linux-x86_64-debian-clang | 1.0 | 44.48 | 137.33 | 181.81 | NOTE | |
r-devel-linux-x86_64-debian-gcc | 1.0 | 36.93 | 103.05 | 139.98 | NOTE | |
r-devel-linux-x86_64-fedora-clang | 1.0 | 238.28 | NOTE | |||
r-devel-linux-x86_64-fedora-gcc | 1.0 | 258.84 | NOTE | |||
r-devel-windows-x86_64 | 1.0 | 37.00 | 126.00 | 163.00 | NOTE | |
r-patched-linux-x86_64 | 1.0 | 34.38 | 128.27 | 162.65 | NOTE | |
r-release-linux-x86_64 | 1.0 | 28.35 | 126.48 | 154.83 | NOTE | |
r-release-macos-arm64 | 1.0 | 68.00 | NOTE | |||
r-release-macos-x86_64 | 1.0 | 110.00 | NOTE | |||
r-release-windows-x86_64 | 1.0 | 50.00 | 155.00 | 205.00 | NOTE | |
r-oldrel-macos-arm64 | 1.0 | 60.00 | NOTE | |||
r-oldrel-macos-x86_64 | 1.0 | 100.00 | NOTE | |||
r-oldrel-windows-x86_64 | 1.0 | 49.00 | 148.00 | 197.00 | NOTE |
Version: 1.0
Check: C++ specification
Result: NOTE
Specified C++11: please drop specification unless essential
Flavors: r-devel-linux-x86_64-debian-clang, r-devel-linux-x86_64-debian-gcc, r-devel-linux-x86_64-fedora-clang, r-devel-linux-x86_64-fedora-gcc, r-devel-windows-x86_64, r-patched-linux-x86_64, r-release-linux-x86_64, r-release-macos-arm64, r-release-macos-x86_64, r-release-windows-x86_64
Version: 1.0
Check: LazyData
Result: NOTE
'LazyData' is specified without a 'data' directory
Flavors: r-devel-linux-x86_64-debian-clang, r-devel-linux-x86_64-debian-gcc, r-devel-linux-x86_64-fedora-clang, r-devel-linux-x86_64-fedora-gcc, r-devel-windows-x86_64, r-patched-linux-x86_64, r-release-linux-x86_64, r-release-macos-arm64, r-release-macos-x86_64, r-release-windows-x86_64, r-oldrel-macos-arm64, r-oldrel-macos-x86_64, r-oldrel-windows-x86_64