CRAN Package Check Results for Package LabRS

Last updated on 2023-06-08 05:58:12 CEST.

Flavor Version Tinstall Tcheck Ttotal Status Flags
r-devel-linux-x86_64-debian-clang 0.1.0 2.55 27.86 30.41 NOTE
r-devel-linux-x86_64-debian-gcc 0.1.0 2.04 21.99 24.03 NOTE
r-devel-linux-x86_64-fedora-clang 0.1.0 36.82 NOTE
r-devel-linux-x86_64-fedora-gcc 0.1.0 40.67 NOTE
r-devel-windows-x86_64 0.1.0 4.00 48.00 52.00 OK
r-patched-linux-x86_64 0.1.0 2.82 25.80 28.62 NOTE
r-release-linux-x86_64 0.1.0 2.50 25.25 27.75 NOTE
r-release-macos-arm64 0.1.0 23.00 OK
r-release-macos-x86_64 0.1.0 32.00 OK
r-release-windows-x86_64 0.1.0 4.00 47.00 51.00 OK
r-oldrel-macos-arm64 0.1.0 18.00 OK
r-oldrel-macos-x86_64 0.1.0 23.00 OK
r-oldrel-windows-x86_64 0.1.0 4.00 46.00 50.00 OK

Check Details

Version: 0.1.0
Check: for non-standard things in the check directory
Result: NOTE
    Found the following files/directories:
     ‘MYSLID.csv’ ‘tabelle.csv’
Flavors: r-devel-linux-x86_64-debian-clang, r-devel-linux-x86_64-debian-gcc, r-devel-linux-x86_64-fedora-clang, r-devel-linux-x86_64-fedora-gcc, r-patched-linux-x86_64, r-release-linux-x86_64

Version: 0.1.0
Check: Rd cross-references
Result: NOTE
    Undeclared packages ‘carData’, ‘factoextra’, ‘labstatR’ in Rd xrefs
Flavor: r-devel-linux-x86_64-fedora-clang