Last updated on 2023-06-02 05:58:02 CEST.
Flavor | Version | Tinstall | Tcheck | Ttotal | Status | Flags |
---|---|---|---|---|---|---|
r-devel-linux-x86_64-debian-clang | 1.1.1 | 2.54 | 64.25 | 66.79 | NOTE | |
r-devel-linux-x86_64-debian-gcc | 1.1.1 | 2.28 | 46.10 | 48.38 | NOTE | |
r-devel-linux-x86_64-fedora-clang | 1.1.1 | 82.41 | NOTE | |||
r-devel-linux-x86_64-fedora-gcc | 1.1.1 | 98.17 | NOTE | |||
r-devel-windows-x86_64 | 1.1.1 | 4.00 | 66.00 | 70.00 | NOTE | |
r-patched-linux-x86_64 | 1.1.1 | NOTE | ||||
r-release-linux-x86_64 | 1.1.1 | 2.69 | 60.21 | 62.90 | NOTE | |
r-release-macos-arm64 | 1.1.1 | 34.00 | NOTE | |||
r-release-macos-x86_64 | 1.1.1 | 73.00 | NOTE | |||
r-release-windows-x86_64 | 1.1.1 | 5.00 | 72.00 | 77.00 | NOTE | |
r-oldrel-macos-arm64 | 1.1.1 | 29.00 | NOTE | |||
r-oldrel-macos-x86_64 | 1.1.1 | 38.00 | NOTE | |||
r-oldrel-windows-x86_64 | 1.1.1 | 6.00 | 75.00 | 81.00 | NOTE |
Version: 1.1.1
Check: LazyData
Result: NOTE
'LazyData' is specified without a 'data' directory
Flavors: r-devel-linux-x86_64-debian-clang, r-devel-linux-x86_64-debian-gcc, r-devel-linux-x86_64-fedora-clang, r-devel-linux-x86_64-fedora-gcc, r-devel-windows-x86_64, r-patched-linux-x86_64, r-release-linux-x86_64, r-release-macos-arm64, r-release-macos-x86_64, r-release-windows-x86_64, r-oldrel-macos-arm64, r-oldrel-macos-x86_64, r-oldrel-windows-x86_64
Version: 1.1.1
Check: dependencies in R code
Result: NOTE
Namespaces in Imports field not imported from:
‘Icens’ ‘interval’
All declared Imports should be used.
Flavors: r-devel-linux-x86_64-fedora-clang, r-devel-linux-x86_64-fedora-gcc, r-oldrel-macos-x86_64