Last updated on 2023-06-10 05:52:37 CEST.
Flavor | Version | Tinstall | Tcheck | Ttotal | Status | Flags |
---|---|---|---|---|---|---|
r-devel-linux-x86_64-debian-clang | 1.0-3 | 14.44 | 130.15 | 144.59 | NOTE | |
r-devel-linux-x86_64-debian-gcc | 1.0-3 | 11.78 | 98.56 | 110.34 | NOTE | |
r-devel-linux-x86_64-fedora-clang | 1.0-3 | 191.81 | NOTE | |||
r-devel-linux-x86_64-fedora-gcc | 1.0-3 | 180.37 | NOTE | |||
r-devel-windows-x86_64 | 1.0-3 | 14.00 | 117.00 | 131.00 | NOTE | |
r-patched-linux-x86_64 | 1.0-3 | 12.75 | 122.66 | 135.41 | NOTE | |
r-release-linux-x86_64 | 1.0-3 | 11.72 | 122.39 | 134.11 | NOTE | |
r-release-macos-arm64 | 1.0-3 | 57.00 | NOTE | |||
r-release-macos-x86_64 | 1.0-3 | 88.00 | NOTE | |||
r-release-windows-x86_64 | 1.0-3 | 18.00 | 141.00 | 159.00 | OK | |
r-oldrel-macos-arm64 | 1.0-3 | 49.00 | NOTE | |||
r-oldrel-macos-x86_64 | 1.0-3 | 72.00 | NOTE | |||
r-oldrel-windows-x86_64 | 1.0-3 | 18.00 | 137.00 | 155.00 | OK |
Version: 1.0-3
Check: package dependencies
Result: NOTE
Package suggested but not available for checking: ‘kerdiest’
Flavors: r-devel-linux-x86_64-debian-clang, r-devel-linux-x86_64-debian-gcc, r-devel-linux-x86_64-fedora-clang, r-devel-linux-x86_64-fedora-gcc, r-devel-windows-x86_64, r-patched-linux-x86_64, r-release-linux-x86_64, r-release-macos-arm64
Version: 1.0-3
Check: data for non-ASCII characters
Result: NOTE
Note: found 55 marked UTF-8 strings
Flavors: r-devel-linux-x86_64-fedora-clang, r-devel-linux-x86_64-fedora-gcc, r-oldrel-macos-arm64, r-oldrel-macos-x86_64
Version: 1.0-3
Check: package dependencies
Result: NOTE
Packages suggested but not available for checking:
'sirt', 'kerdiest', 'car', 'mitml'
Flavor: r-release-macos-x86_64
Version: 1.0-3
Check: package dependencies
Result: NOTE
Package suggested but not available for checking: ‘miceadds’
Flavor: r-oldrel-macos-arm64