CRAN Package Check Results for Package KoboconnectR

Last updated on 2024-03-03 04:48:39 CET.

Flavor Version Tinstall Tcheck Ttotal Status Flags
r-devel-linux-x86_64-debian-clang 1.2.1 5.08 53.07 58.15 NOTE
r-devel-linux-x86_64-debian-gcc 1.2.1 3.01 40.73 43.74 NOTE
r-devel-linux-x86_64-fedora-clang 1.2.1 75.17 ERROR
r-devel-linux-x86_64-fedora-gcc 1.2.1 88.12 ERROR
r-devel-windows-x86_64 1.2.1 5.00 64.00 69.00 OK
r-patched-linux-x86_64 1.2.1 3.60 50.90 54.50 OK
r-release-linux-x86_64 1.2.1 3.33 51.19 54.52 OK
r-release-macos-arm64 1.2.1 36.00 OK
r-release-macos-x86_64 1.2.1 46.00 OK
r-release-windows-x86_64 1.2.1 8.00 72.00 80.00 OK
r-oldrel-macos-arm64 1.2.1 33.00 OK
r-oldrel-windows-x86_64 1.2.1 8.00 109.00 117.00 ERROR

Check Details

Version: 1.2.1
Check: Rd files
Result: NOTE checkRd: (-1) kobotools_kpi_data.Rd:30: Lost braces; missing escapes or markup? 30 | `kobotools_kpi_data` is a wrapper for kobotoolbox API `https://[URL]/api/v2/assets/{assetid}/data/` | ^ Flavors: r-devel-linux-x86_64-debian-clang, r-devel-linux-x86_64-debian-gcc, r-devel-linux-x86_64-fedora-clang, r-devel-linux-x86_64-fedora-gcc

Version: 1.2.1
Check: tests
Result: ERROR Running ‘spelling.R’ Running ‘testthat.R’ [5s/44s] Running the tests in ‘tests/testthat.R’ failed. Complete output: > library(testthat) > library(KoboconnectR) Extract Kobotools data to R > > test_check("KoboconnectR") | | | 0% | |======================================================================| 100% | | | 0% | |======================================================================| 100% | | | 0% | |======================================================================| 100% | | | 0% | |======================================================================| 100% Execution in Progress...Timeout[1] "export creation was not successful" | | | 0% | |======================================================================| 100% | | | 0% | |======================================================================| 100% | | | 0% | |======================================================================| 100% | | | 0% | |======================================================================| 100% Execution in Progress...Timeout[1] "export creation was not successful" [1] "Data could not be downloaded. Please try again or check the parameters." | | | 0% | |======================================================================| 100% | | | 0% | |======================================================================| 100% | | | 0% | |======================================================================| 100% | | | 0% | |======================================================================| 100% Execution in Progress...Timeout[1] "export creation was not successful" Downloading: 3.8 kB Downloading: 3.8 kB Downloading: 3.8 kB Downloading: 3.8 kB [ FAIL 3 | WARN 3 | SKIP 10 | PASS 25 ] ══ Skipped tests (10) ══════════════════════════════════════════════════════════ • On CRAN (10): 'test-get_kobo_token.R:28:3', 'test-kobo_df_download.R:2:3', 'test-kobo_export_create.R:4:3', 'test-kobo_export_create.R:13:3', 'test-kobo_export_create.R:21:3', 'test-kobo_export_create.R:30:3', 'test-kobo_exports.R:2:3', 'test-kobo_xls_dl.R:2:3', 'test-kobotools_api.R:31:3', 'test-kobotools_kpi_data.R:38:3' ══ Failed tests ════════════════════════════════════════════════════════════════ ── Failure ('test-kobo_df_download.R:10:3'): invalid input fails ─────────────── `is.null(...)` did not throw the expected error. ── Failure ('test-kobo_media_downloader.R:10:3'): invalid input fails ────────── `is.null(kobo_media_downloader(uname = "scary_", pwd = "sy", assetid = "ahwQoXtnbQJB"))` did not throw the expected error. ── Failure ('test-kobo_xls_dl.R:12:3'): invalid input fails ──────────────────── `is.null(kobo_xls_dl(uname = "scary_", pwd = "sy", assetid = "ahwQoXtnbQJB"))` did not throw the expected error. [ FAIL 3 | WARN 3 | SKIP 10 | PASS 25 ] Error: Test failures Execution halted Flavor: r-devel-linux-x86_64-fedora-clang

Version: 1.2.1
Check: tests
Result: ERROR Running ‘spelling.R’ Running ‘testthat.R’ [4s/49s] Running the tests in ‘tests/testthat.R’ failed. Complete output: > library(testthat) > library(KoboconnectR) Extract Kobotools data to R > > test_check("KoboconnectR") | | | 0% | |======================================================================| 100% | | | 0% | |======================================================================| 100% | | | 0% | |======================================================================| 100% | | | 0% | |======================================================================| 100% Execution in Progress...Timeout[1] "export creation was not successful" | | | 0% | |======================================================================| 100% | | | 0% | |======================================================================| 100% | | | 0% | |======================================================================| 100% | | | 0% | |======================================================================| 100% Execution in Progress...Timeout[1] "export creation was not successful" [1] "Data could not be downloaded. Please try again or check the parameters." | | | 0% | |======================================================================| 100% | | | 0% | |======================================================================| 100% | | | 0% | |======================================================================| 100% | | | 0% | |======================================================================| 100% Execution in Progress...Timeout[1] "export creation was not successful" Downloading: 3.8 kB Downloading: 3.8 kB Downloading: 3.8 kB Downloading: 3.8 kB [ FAIL 3 | WARN 3 | SKIP 10 | PASS 25 ] ══ Skipped tests (10) ══════════════════════════════════════════════════════════ • On CRAN (10): 'test-get_kobo_token.R:28:3', 'test-kobo_df_download.R:2:3', 'test-kobo_export_create.R:4:3', 'test-kobo_export_create.R:13:3', 'test-kobo_export_create.R:21:3', 'test-kobo_export_create.R:30:3', 'test-kobo_exports.R:2:3', 'test-kobo_xls_dl.R:2:3', 'test-kobotools_api.R:31:3', 'test-kobotools_kpi_data.R:38:3' ══ Failed tests ════════════════════════════════════════════════════════════════ ── Failure ('test-kobo_df_download.R:10:3'): invalid input fails ─────────────── `is.null(...)` did not throw the expected error. ── Failure ('test-kobo_media_downloader.R:10:3'): invalid input fails ────────── `is.null(kobo_media_downloader(uname = "scary_", pwd = "sy", assetid = "ahwQoXtnbQJB"))` did not throw the expected error. ── Failure ('test-kobo_xls_dl.R:12:3'): invalid input fails ──────────────────── `is.null(kobo_xls_dl(uname = "scary_", pwd = "sy", assetid = "ahwQoXtnbQJB"))` did not throw the expected error. [ FAIL 3 | WARN 3 | SKIP 10 | PASS 25 ] Error: Test failures Execution halted Flavor: r-devel-linux-x86_64-fedora-gcc

Version: 1.2.1
Check: tests
Result: ERROR Running 'spelling.R' [0s] Running 'testthat.R' [43s] Running the tests in 'tests/testthat.R' failed. Complete output: > library(testthat) > library(KoboconnectR) Extract Kobotools data to R > > test_check("KoboconnectR") | | | 0% | |======================================================================| 100% | | | 0% | |======================================================================| 100% | | | 0% | |======================================================================| 100% | | | 0% | |======================================================================| 100% Execution in Progress...Timeout[1] "export creation was not successful" | | | 0% | |======================================================================| 100% | | | 0% | |======================================================================| 100% | | | 0% | |======================================================================| 100% | | | 0% | |======================================================================| 100% Execution in Progress...Timeout[1] "export creation was not successful" [1] "Data could not be downloaded. Please try again or check the parameters." | | | 0% | |======================================================================| 100% | | | 0% | |======================================================================| 100% | | | 0% | |======================================================================| 100% | | | 0% | |======================================================================| 100% Execution in Progress...Timeout[1] "export creation was not successful" Downloading: 3.8 kB Downloading: 3.8 kB Downloading: 3.8 kB Downloading: 3.8 kB [ FAIL 3 | WARN 3 | SKIP 10 | PASS 25 ] ══ Skipped tests (10) ══════════════════════════════════════════════════════════ • On CRAN (10): 'test-get_kobo_token.R:28:3', 'test-kobo_df_download.R:2:3', 'test-kobo_export_create.R:4:3', 'test-kobo_export_create.R:13:3', 'test-kobo_export_create.R:21:3', 'test-kobo_export_create.R:30:3', 'test-kobo_exports.R:2:3', 'test-kobo_xls_dl.R:2:3', 'test-kobotools_api.R:31:3', 'test-kobotools_kpi_data.R:38:3' ══ Failed tests ════════════════════════════════════════════════════════════════ ── Failure ('test-kobo_df_download.R:10:3'): invalid input fails ─────────────── `is.null(...)` did not throw the expected error. ── Failure ('test-kobo_media_downloader.R:10:3'): invalid input fails ────────── `is.null(kobo_media_downloader(uname = "scary_", pwd = "sy", assetid = "ahwQoXtnbQJB"))` did not throw the expected error. ── Failure ('test-kobo_xls_dl.R:12:3'): invalid input fails ──────────────────── `is.null(kobo_xls_dl(uname = "scary_", pwd = "sy", assetid = "ahwQoXtnbQJB"))` did not throw the expected error. [ FAIL 3 | WARN 3 | SKIP 10 | PASS 25 ] Error: Test failures Execution halted Flavor: r-oldrel-windows-x86_64