Last updated on 2023-05-28 05:52:10 CEST.
Flavor | Version | Tinstall | Tcheck | Ttotal | Status | Flags |
---|---|---|---|---|---|---|
r-devel-linux-x86_64-debian-clang | 2.2.1 | 2.83 | 28.34 | 31.17 | OK | |
r-devel-linux-x86_64-debian-gcc | 2.2.1 | 2.14 | 22.03 | 24.17 | OK | |
r-devel-linux-x86_64-fedora-clang | 2.2.1 | 39.88 | NOTE | |||
r-devel-linux-x86_64-fedora-gcc | 2.2.1 | 40.09 | NOTE | |||
r-devel-windows-x86_64 | 2.2.1 | 4.00 | 47.00 | 51.00 | OK | |
r-patched-linux-x86_64 | 2.2.1 | 2.73 | 27.10 | 29.83 | OK | |
r-release-linux-x86_64 | 2.2.1 | 2.37 | 26.59 | 28.96 | OK | |
r-release-macos-arm64 | 2.2.1 | 20.00 | OK | |||
r-release-macos-x86_64 | 2.2.1 | 24.00 | OK | |||
r-release-windows-x86_64 | 2.2.1 | 5.00 | 48.00 | 53.00 | OK | |
r-oldrel-macos-arm64 | 2.2.1 | 19.00 | OK | |||
r-oldrel-macos-x86_64 | 2.2.1 | 23.00 | OK | |||
r-oldrel-windows-x86_64 | 2.2.1 | 5.00 | 50.00 | 55.00 | OK |
Version: 2.2.1
Check: compiled code
Result: NOTE
File ‘Kendall/libs/Kendall.so’:
Found no calls to: ‘R_registerRoutines’, ‘R_useDynamicSymbols’
It is good practice to register native routines and to disable symbol
search.
See ‘Writing portable packages’ in the ‘Writing R Extensions’ manual.
Flavors: r-devel-linux-x86_64-fedora-clang, r-devel-linux-x86_64-fedora-gcc