CRAN Package Check Results for Package KScorrect

Last updated on 2023-05-28 05:52:10 CEST.

Flavor Version Tinstall Tcheck Ttotal Status Flags
r-devel-linux-x86_64-debian-clang 1.4.0 2.72 34.58 37.30 NOTE
r-devel-linux-x86_64-debian-gcc 1.4.0 2.51 25.77 28.28 NOTE
r-devel-linux-x86_64-fedora-clang 1.4.0 46.15 NOTE
r-devel-linux-x86_64-fedora-gcc 1.4.0 47.61 NOTE
r-devel-windows-x86_64 1.4.0 4.00 48.00 52.00 NOTE
r-patched-linux-x86_64 1.4.0 3.41 32.77 36.18 NOTE
r-release-linux-x86_64 1.4.0 1.93 32.23 34.16 NOTE
r-release-macos-arm64 1.4.0 19.00 NOTE
r-release-macos-x86_64 1.4.0 26.00 NOTE
r-release-windows-x86_64 1.4.0 5.00 49.00 54.00 NOTE
r-oldrel-macos-arm64 1.4.0 19.00 NOTE
r-oldrel-macos-x86_64 1.4.0 26.00 NOTE
r-oldrel-windows-x86_64 1.4.0 5.00 51.00 56.00 NOTE

Check Details

Version: 1.4.0
Check: LazyData
Result: NOTE
     'LazyData' is specified without a 'data' directory
Flavors: r-devel-linux-x86_64-debian-clang, r-devel-linux-x86_64-debian-gcc, r-devel-linux-x86_64-fedora-clang, r-devel-linux-x86_64-fedora-gcc, r-devel-windows-x86_64, r-patched-linux-x86_64, r-release-linux-x86_64, r-release-macos-arm64, r-release-macos-x86_64, r-release-windows-x86_64, r-oldrel-macos-arm64, r-oldrel-macos-x86_64, r-oldrel-windows-x86_64