Last updated on 2023-06-05 05:54:38 CEST.
Flavor | Version | Tinstall | Tcheck | Ttotal | Status | Flags |
---|---|---|---|---|---|---|
r-devel-linux-x86_64-debian-clang | 2.4 | 77.61 | 99.76 | 177.37 | OK | |
r-devel-linux-x86_64-debian-gcc | 2.4 | 53.61 | 78.49 | 132.10 | OK | |
r-devel-linux-x86_64-fedora-clang | 2.4 | 250.60 | OK | |||
r-devel-linux-x86_64-fedora-gcc | 2.4 | 260.28 | OK | |||
r-devel-windows-x86_64 | 2.4 | 64.00 | 124.00 | 188.00 | OK | |
r-patched-linux-x86_64 | 2.4 | 58.09 | 97.32 | 155.41 | OK | |
r-release-linux-x86_64 | 2.4 | 62.08 | 96.41 | 158.49 | OK | |
r-release-macos-arm64 | 2.4 | 72.00 | NOTE | |||
r-release-macos-x86_64 | 2.4 | 125.00 | NOTE | |||
r-release-windows-x86_64 | 2.4 | 76.00 | 141.00 | 217.00 | OK | |
r-oldrel-macos-arm64 | 2.4 | 64.00 | NOTE | |||
r-oldrel-macos-x86_64 | 2.4 | 84.00 | NOTE | |||
r-oldrel-windows-x86_64 | 2.4 | 72.00 | 137.00 | 209.00 | OK |
Version: 2.4
Check: installed package size
Result: NOTE
installed size is 6.9Mb
sub-directories of 1Mb or more:
data 1.6Mb
libs 4.1Mb
Flavors: r-release-macos-arm64, r-release-macos-x86_64, r-oldrel-macos-arm64, r-oldrel-macos-x86_64