CRAN Package Check Results for Package JoF

Last updated on 2023-06-05 05:54:38 CEST.

Flavor Version Tinstall Tcheck Ttotal Status Flags
r-devel-linux-x86_64-debian-clang 0.1.0 2.58 36.52 39.10 NOTE
r-devel-linux-x86_64-debian-gcc 0.1.0 2.10 27.76 29.86 NOTE
r-devel-linux-x86_64-fedora-clang 0.1.0 49.53 NOTE
r-devel-linux-x86_64-fedora-gcc 0.1.0 61.35 NOTE
r-devel-windows-x86_64 0.1.0 3.00 50.00 53.00 NOTE
r-patched-linux-x86_64 0.1.0 3.27 34.80 38.07 NOTE
r-release-linux-x86_64 0.1.0 2.43 34.44 36.87 NOTE
r-release-macos-arm64 0.1.0 25.00 NOTE
r-release-macos-x86_64 0.1.0 37.00 NOTE
r-release-windows-x86_64 0.1.0 5.00 51.00 56.00 NOTE
r-oldrel-macos-arm64 0.1.0 22.00 NOTE
r-oldrel-macos-x86_64 0.1.0 25.00 NOTE
r-oldrel-windows-x86_64 0.1.0 6.00 53.00 59.00 NOTE

Check Details

Version: 0.1.0
Check: LazyData
Result: NOTE
     'LazyData' is specified without a 'data' directory
Flavors: r-devel-linux-x86_64-debian-clang, r-devel-linux-x86_64-debian-gcc, r-devel-linux-x86_64-fedora-clang, r-devel-linux-x86_64-fedora-gcc, r-devel-windows-x86_64, r-patched-linux-x86_64, r-release-linux-x86_64, r-release-macos-arm64, r-release-macos-x86_64, r-release-windows-x86_64, r-oldrel-macos-arm64, r-oldrel-macos-x86_64, r-oldrel-windows-x86_64