CRAN Package Check Results for Package Inflect

Last updated on 2023-05-28 05:52:10 CEST.

Flavor Version Tinstall Tcheck Ttotal Status Flags
r-devel-linux-x86_64-debian-clang 1.1.0 7.44 58.24 65.68 NOTE
r-devel-linux-x86_64-debian-gcc 1.1.0 5.71 43.04 48.75 NOTE
r-devel-linux-x86_64-fedora-clang 1.1.0 85.33 NOTE
r-devel-linux-x86_64-fedora-gcc 1.1.0 102.84 NOTE
r-devel-windows-x86_64 1.1.0 8.00 63.00 71.00 NOTE
r-patched-linux-x86_64 1.1.0 4.57 53.85 58.42 NOTE
r-release-linux-x86_64 1.1.0 7.78 53.04 60.82 NOTE
r-release-macos-arm64 1.1.0 35.00 NOTE
r-release-macos-x86_64 1.1.0 50.00 NOTE
r-release-windows-x86_64 1.1.0 10.00 67.00 77.00 NOTE
r-oldrel-macos-arm64 1.1.0 27.00 NOTE
r-oldrel-macos-x86_64 1.1.0 52.00 NOTE
r-oldrel-windows-x86_64 1.1.0 10.00 71.00 81.00 NOTE

Check Details

Version: 1.1.0
Check: LazyData
Result: NOTE
     'LazyData' is specified without a 'data' directory
Flavors: r-devel-linux-x86_64-debian-clang, r-devel-linux-x86_64-debian-gcc, r-devel-linux-x86_64-fedora-clang, r-devel-linux-x86_64-fedora-gcc, r-devel-windows-x86_64, r-patched-linux-x86_64, r-release-linux-x86_64, r-release-macos-arm64, r-release-macos-x86_64, r-release-windows-x86_64, r-oldrel-macos-arm64, r-oldrel-macos-x86_64, r-oldrel-windows-x86_64

Version: 1.1.0
Check: dependencies in R code
Result: NOTE
    Namespace in Imports field not imported from: ‘optimr’
     All declared Imports should be used.
Flavors: r-devel-linux-x86_64-fedora-clang, r-devel-linux-x86_64-fedora-gcc, r-oldrel-macos-arm64, r-oldrel-macos-x86_64