CRAN Package Check Results for Package ISM

Last updated on 2024-04-18 06:09:50 CEST.

Flavor Version Tinstall Tcheck Ttotal Status Flags
r-devel-linux-x86_64-debian-clang 0.1.0 8.43 82.21 90.64 NOTE
r-devel-linux-x86_64-debian-gcc 0.1.0 6.65 60.07 66.72 NOTE
r-devel-linux-x86_64-fedora-clang 0.1.0 109.79 NOTE
r-devel-linux-x86_64-fedora-gcc 0.1.0 112.40 NOTE
r-prerel-macos-arm64 0.1.0 35.00 NOTE
r-prerel-windows-x86_64 0.1.0 5.00 68.00 73.00 NOTE
r-patched-linux-x86_64 0.1.0 8.49 81.24 89.73 NOTE
r-release-linux-x86_64 0.1.0 8.67 80.56 89.23 NOTE
r-release-macos-arm64 0.1.0 38.00 NOTE
r-release-macos-x86_64 0.1.0 48.00 NOTE
r-release-windows-x86_64 0.1.0 7.00 73.00 80.00 NOTE
r-oldrel-macos-arm64 0.1.0 34.00 NOTE
r-oldrel-windows-x86_64 0.1.0 8.00 76.00 84.00 NOTE

Check Details

Version: 0.1.0
Check: LazyData
Result: NOTE 'LazyData' is specified without a 'data' directory Flavors: r-devel-linux-x86_64-debian-clang, r-devel-linux-x86_64-debian-gcc, r-devel-linux-x86_64-fedora-clang, r-devel-linux-x86_64-fedora-gcc, r-prerel-macos-arm64, r-prerel-windows-x86_64, r-patched-linux-x86_64, r-release-linux-x86_64, r-release-macos-arm64, r-release-macos-x86_64, r-release-windows-x86_64, r-oldrel-macos-arm64, r-oldrel-windows-x86_64