Last updated on 2023-05-29 05:55:05 CEST.
Flavor | Version | Tinstall | Tcheck | Ttotal | Status | Flags |
---|---|---|---|---|---|---|
r-devel-linux-x86_64-debian-clang | 1.0.5 | 3.71 | 299.57 | 303.28 | NOTE | |
r-devel-linux-x86_64-debian-gcc | 1.0.5 | 3.06 | 201.54 | 204.60 | NOTE | |
r-devel-linux-x86_64-fedora-clang | 1.0.5 | 360.29 | NOTE | |||
r-devel-linux-x86_64-fedora-gcc | 1.0.5 | 395.15 | NOTE | |||
r-devel-windows-x86_64 | 1.0.5 | 4.00 | 217.00 | 221.00 | NOTE | |
r-patched-linux-x86_64 | 1.0.5 | 2.69 | 280.84 | 283.53 | NOTE | |
r-release-linux-x86_64 | 1.0.5 | 3.47 | 276.90 | 280.37 | NOTE | |
r-release-macos-arm64 | 1.0.5 | 110.00 | NOTE | |||
r-release-macos-x86_64 | 1.0.5 | 171.00 | NOTE | |||
r-release-windows-x86_64 | 1.0.5 | 5.00 | 253.00 | 258.00 | NOTE | |
r-oldrel-macos-arm64 | 1.0.5 | 78.00 | NOTE | |||
r-oldrel-macos-x86_64 | 1.0.5 | 107.00 | NOTE | |||
r-oldrel-windows-x86_64 | 1.0.5 | 5.00 | 243.00 | 248.00 | NOTE |
Version: 1.0.5
Check: LazyData
Result: NOTE
'LazyData' is specified without a 'data' directory
Flavors: r-devel-linux-x86_64-debian-clang, r-devel-linux-x86_64-debian-gcc, r-devel-linux-x86_64-fedora-clang, r-devel-linux-x86_64-fedora-gcc, r-devel-windows-x86_64, r-patched-linux-x86_64, r-release-linux-x86_64, r-release-macos-arm64, r-release-macos-x86_64, r-release-windows-x86_64, r-oldrel-macos-arm64, r-oldrel-macos-x86_64, r-oldrel-windows-x86_64