Last updated on 2023-06-05 05:54:37 CEST.
Flavor | Version | Tinstall | Tcheck | Ttotal | Status | Flags |
---|---|---|---|---|---|---|
r-devel-linux-x86_64-debian-clang | 0.2.0 | 2.52 | 68.88 | 71.40 | NOTE | |
r-devel-linux-x86_64-debian-gcc | 0.2.0 | 2.10 | 49.11 | 51.21 | NOTE | |
r-devel-linux-x86_64-fedora-clang | 0.2.0 | 88.44 | NOTE | |||
r-devel-linux-x86_64-fedora-gcc | 0.2.0 | 88.24 | NOTE | |||
r-devel-windows-x86_64 | 0.2.0 | 4.00 | 76.00 | 80.00 | NOTE | |
r-patched-linux-x86_64 | 0.2.0 | 2.40 | 66.71 | 69.11 | NOTE | |
r-release-linux-x86_64 | 0.2.0 | 2.44 | 62.83 | 65.27 | NOTE | |
r-release-macos-arm64 | 0.2.0 | 38.00 | NOTE | |||
r-release-macos-x86_64 | 0.2.0 | 64.00 | NOTE | |||
r-release-windows-x86_64 | 0.2.0 | 5.00 | 78.00 | 83.00 | NOTE | |
r-oldrel-macos-arm64 | 0.2.0 | 40.00 | NOTE | |||
r-oldrel-macos-x86_64 | 0.2.0 | 61.00 | NOTE | |||
r-oldrel-windows-x86_64 | 0.2.0 | 5.00 | 82.00 | 87.00 | NOTE |
Version: 0.2.0
Check: LazyData
Result: NOTE
'LazyData' is specified without a 'data' directory
Flavors: r-devel-linux-x86_64-debian-clang, r-devel-linux-x86_64-debian-gcc, r-devel-linux-x86_64-fedora-clang, r-devel-linux-x86_64-fedora-gcc, r-devel-windows-x86_64, r-patched-linux-x86_64, r-release-linux-x86_64, r-release-macos-arm64, r-release-macos-x86_64, r-release-windows-x86_64, r-oldrel-macos-arm64, r-oldrel-macos-x86_64, r-oldrel-windows-x86_64