CRAN Package Check Results for Package IDSA

Last updated on 2023-06-10 05:52:35 CEST.

Flavor Version Tinstall Tcheck Ttotal Status Flags
r-devel-linux-x86_64-debian-clang 2.1 7.37 68.96 76.33 OK
r-devel-linux-x86_64-debian-gcc 2.1 5.59 51.88 57.47 OK
r-devel-linux-x86_64-fedora-clang 2.1 93.80 NOTE
r-devel-linux-x86_64-fedora-gcc 2.1 104.81 NOTE
r-devel-windows-x86_64 2.1 8.00 88.00 96.00 OK
r-patched-linux-x86_64 2.1 4.69 64.99 69.68 OK
r-release-linux-x86_64 2.1 6.97 64.03 71.00 OK
r-release-macos-arm64 2.1 40.00 OK
r-release-macos-x86_64 2.1 56.00 OK
r-release-windows-x86_64 2.1 9.00 91.00 100.00 OK
r-oldrel-macos-arm64 2.1 32.00 NOTE
r-oldrel-macos-x86_64 2.1 63.00 NOTE
r-oldrel-windows-x86_64 2.1 9.00 91.00 100.00 OK

Check Details

Version: 2.1
Check: dependencies in R code
Result: NOTE
    Namespace in Imports field not imported from: ‘kableExtra’
     All declared Imports should be used.
Flavors: r-devel-linux-x86_64-fedora-clang, r-devel-linux-x86_64-fedora-gcc, r-oldrel-macos-arm64, r-oldrel-macos-x86_64