Last updated on 2023-06-08 05:58:11 CEST.
Flavor | Version | Tinstall | Tcheck | Ttotal | Status | Flags |
---|---|---|---|---|---|---|
r-devel-linux-x86_64-debian-clang | 0.5.1 | 10.76 | 109.82 | 120.58 | NOTE | |
r-devel-linux-x86_64-debian-gcc | 0.5.1 | 7.98 | 82.86 | 90.84 | NOTE | |
r-devel-linux-x86_64-fedora-clang | 0.5.1 | 150.15 | NOTE | |||
r-devel-linux-x86_64-fedora-gcc | 0.5.1 | 151.37 | NOTE | |||
r-devel-windows-x86_64 | 0.5.1 | 10.00 | 92.00 | 102.00 | NOTE | |
r-patched-linux-x86_64 | 0.5.1 | 9.26 | 101.78 | 111.04 | NOTE | |
r-release-linux-x86_64 | 0.5.1 | 9.64 | 102.01 | 111.65 | NOTE | |
r-release-macos-arm64 | 0.5.1 | 54.00 | NOTE | |||
r-release-macos-x86_64 | 0.5.1 | 83.00 | NOTE | |||
r-release-windows-x86_64 | 0.5.1 | 13.00 | 114.00 | 127.00 | NOTE | |
r-oldrel-macos-arm64 | 0.5.1 | 51.00 | NOTE | |||
r-oldrel-macos-x86_64 | 0.5.1 | 80.00 | NOTE | |||
r-oldrel-windows-x86_64 | 0.5.1 | 13.00 | 115.00 | 128.00 | NOTE |
Version: 0.5.1
Check: LazyData
Result: NOTE
'LazyData' is specified without a 'data' directory
Flavors: r-devel-linux-x86_64-debian-clang, r-devel-linux-x86_64-debian-gcc, r-devel-linux-x86_64-fedora-clang, r-devel-linux-x86_64-fedora-gcc, r-devel-windows-x86_64, r-patched-linux-x86_64, r-release-linux-x86_64, r-release-macos-arm64, r-release-macos-x86_64, r-release-windows-x86_64, r-oldrel-macos-arm64, r-oldrel-macos-x86_64, r-oldrel-windows-x86_64
Version: 0.5.1
Check: package dependencies
Result: NOTE
Package suggested but not available for checking: ‘LTRCtrees’
Flavors: r-release-macos-x86_64, r-oldrel-macos-arm64
Version: 0.5.1
Check: Rd cross-references
Result: NOTE
Package unavailable to check Rd xrefs: ‘LTRCtrees’
Flavors: r-release-macos-x86_64, r-oldrel-macos-arm64