Last updated on 2023-06-02 05:58:00 CEST.
Flavor | Version | Tinstall | Tcheck | Ttotal | Status | Flags |
---|---|---|---|---|---|---|
r-devel-linux-x86_64-debian-clang | 1.0.1 | 165.65 | 134.07 | 299.72 | NOTE | |
r-devel-linux-x86_64-debian-gcc | 1.0.1 | 120.93 | 97.20 | 218.13 | NOTE | |
r-devel-linux-x86_64-fedora-clang | 1.0.1 | 419.74 | NOTE | |||
r-devel-linux-x86_64-fedora-gcc | 1.0.1 | 434.38 | NOTE | |||
r-devel-windows-x86_64 | 1.0.1 | 123.00 | 128.00 | 251.00 | NOTE | |
r-patched-linux-x86_64 | 1.0.1 | NOTE | ||||
r-release-linux-x86_64 | 1.0.1 | 111.83 | 126.40 | 238.23 | NOTE | |
r-release-macos-arm64 | 1.0.1 | 93.00 | NOTE | |||
r-release-macos-x86_64 | 1.0.1 | 151.00 | NOTE | |||
r-release-windows-x86_64 | 1.0.1 | 156.00 | 162.00 | 318.00 | NOTE | |
r-oldrel-macos-arm64 | 1.0.1 | 79.00 | NOTE | |||
r-oldrel-macos-x86_64 | 1.0.1 | 132.00 | NOTE | |||
r-oldrel-windows-x86_64 | 1.0.1 | 143.00 | 150.00 | 293.00 | NOTE |
Version: 1.0.1
Check: LazyData
Result: NOTE
'LazyData' is specified without a 'data' directory
Flavors: r-devel-linux-x86_64-debian-clang, r-devel-linux-x86_64-debian-gcc, r-devel-linux-x86_64-fedora-clang, r-devel-linux-x86_64-fedora-gcc, r-devel-windows-x86_64, r-patched-linux-x86_64, r-release-linux-x86_64, r-release-macos-arm64, r-release-macos-x86_64, r-release-windows-x86_64, r-oldrel-macos-arm64, r-oldrel-macos-x86_64, r-oldrel-windows-x86_64
Version: 1.0.1
Check: installed package size
Result: NOTE
installed size is 7.0Mb
sub-directories of 1Mb or more:
libs 6.2Mb
Flavors: r-release-macos-arm64, r-release-macos-x86_64, r-oldrel-macos-arm64, r-oldrel-macos-x86_64