Last updated on 2023-06-10 05:52:34 CEST.
Flavor | Version | Tinstall | Tcheck | Ttotal | Status | Flags |
---|---|---|---|---|---|---|
r-devel-linux-x86_64-debian-clang | 0.6-4 | 8.18 | 69.31 | 77.49 | NOTE | |
r-devel-linux-x86_64-debian-gcc | 0.6-4 | 5.17 | 52.71 | 57.88 | NOTE | |
r-devel-linux-x86_64-fedora-clang | 0.6-4 | 95.25 | NOTE | |||
r-devel-linux-x86_64-fedora-gcc | 0.6-4 | 92.44 | NOTE | |||
r-devel-windows-x86_64 | 0.6-4 | 9.00 | 86.00 | 95.00 | NOTE | |
r-patched-linux-x86_64 | 0.6-4 | 8.91 | 66.01 | 74.92 | NOTE | |
r-release-linux-x86_64 | 0.6-4 | 7.18 | 66.34 | 73.52 | NOTE | |
r-release-macos-arm64 | 0.6-4 | 29.00 | NOTE | |||
r-release-macos-x86_64 | 0.6-4 | 50.00 | NOTE | |||
r-release-windows-x86_64 | 0.6-4 | 7.00 | 93.00 | 100.00 | NOTE | |
r-oldrel-macos-arm64 | 0.6-4 | 28.00 | OK | |||
r-oldrel-macos-x86_64 | 0.6-4 | 42.00 | OK | |||
r-oldrel-windows-x86_64 | 0.6-4 | 10.00 | 91.00 | 101.00 | OK |
Version: 0.6-4
Check: Rd files
Result: NOTE
checkRd: (-1) SandP500.Rd:4: Escaped LaTeX specials: \&
checkRd: (-1) SandP500.Rd:7: Escaped LaTeX specials: \&
Flavors: r-devel-linux-x86_64-debian-clang, r-devel-linux-x86_64-debian-gcc, r-devel-linux-x86_64-fedora-clang, r-devel-linux-x86_64-fedora-gcc, r-devel-windows-x86_64, r-patched-linux-x86_64, r-release-linux-x86_64, r-release-macos-arm64, r-release-macos-x86_64, r-release-windows-x86_64