Last updated on 2023-05-30 05:57:35 CEST.
Flavor | Version | Tinstall | Tcheck | Ttotal | Status | Flags |
---|---|---|---|---|---|---|
r-devel-linux-x86_64-debian-clang | 0.2-4 | 12.24 | 56.93 | 69.17 | OK | |
r-devel-linux-x86_64-debian-gcc | 0.2-4 | 8.56 | 42.66 | 51.22 | OK | |
r-devel-linux-x86_64-fedora-clang | 0.2-4 | 87.71 | NOTE | |||
r-devel-linux-x86_64-fedora-gcc | 0.2-4 | 87.09 | NOTE | |||
r-devel-windows-x86_64 | 0.2-4 | 11.00 | 68.00 | 79.00 | OK | |
r-patched-linux-x86_64 | 0.2-4 | 10.49 | 54.39 | 64.88 | OK | |
r-release-linux-x86_64 | 0.2-4 | 9.73 | 53.92 | 63.65 | OK | |
r-release-macos-arm64 | 0.2-4 | 26.00 | OK | |||
r-release-macos-x86_64 | 0.2-4 | 45.00 | OK | |||
r-release-windows-x86_64 | 0.2-4 | 12.00 | 75.00 | 87.00 | OK | |
r-oldrel-macos-arm64 | 0.2-4 | 25.00 | OK | |||
r-oldrel-macos-x86_64 | 0.2-4 | 35.00 | OK | |||
r-oldrel-windows-x86_64 | 0.2-4 | 13.00 | 74.00 | 87.00 | OK |
Version: 0.2-4
Check: compiled code
Result: NOTE
File ‘HiDimDA/libs/HiDimDA.so’:
Found no calls to: ‘R_registerRoutines’, ‘R_useDynamicSymbols’
It is good practice to register native routines and to disable symbol
search.
See ‘Writing portable packages’ in the ‘Writing R Extensions’ manual.
Flavors: r-devel-linux-x86_64-fedora-clang, r-devel-linux-x86_64-fedora-gcc