Last updated on 2023-05-29 05:55:04 CEST.
Flavor | Version | Tinstall | Tcheck | Ttotal | Status | Flags |
---|---|---|---|---|---|---|
r-devel-linux-x86_64-debian-clang | 0.1.0 | 4.66 | 42.33 | 46.99 | OK | |
r-devel-linux-x86_64-debian-gcc | 0.1.0 | 3.85 | 33.48 | 37.33 | OK | |
r-devel-linux-x86_64-fedora-clang | 0.1.0 | 62.14 | NOTE | |||
r-devel-linux-x86_64-fedora-gcc | 0.1.0 | 73.89 | NOTE | |||
r-devel-windows-x86_64 | 0.1.0 | 5.00 | 60.00 | 65.00 | OK | |
r-patched-linux-x86_64 | 0.1.0 | 4.77 | 40.74 | 45.51 | OK | |
r-release-linux-x86_64 | 0.1.0 | 4.22 | 40.80 | 45.02 | OK | |
r-release-macos-arm64 | 0.1.0 | 29.00 | OK | |||
r-release-macos-x86_64 | 0.1.0 | 36.00 | OK | |||
r-release-windows-x86_64 | 0.1.0 | 7.00 | 62.00 | 69.00 | OK | |
r-oldrel-macos-arm64 | 0.1.0 | 27.00 | OK | |||
r-oldrel-macos-x86_64 | 0.1.0 | 29.00 | NOTE | |||
r-oldrel-windows-x86_64 | 0.1.0 | 7.00 | 64.00 | 71.00 | OK |
Version: 0.1.0
Check: dependencies in R code
Result: NOTE
Namespaces in Imports field not imported from:
‘MASS’ ‘Matrix’
All declared Imports should be used.
Flavors: r-devel-linux-x86_64-fedora-clang, r-devel-linux-x86_64-fedora-gcc, r-oldrel-macos-x86_64