Last updated on 2023-06-03 05:52:32 CEST.
Flavor | Version | Tinstall | Tcheck | Ttotal | Status | Flags |
---|---|---|---|---|---|---|
r-devel-linux-x86_64-debian-clang | 7.3.0 | 29.29 | 375.17 | 404.46 | OK | |
r-devel-linux-x86_64-debian-gcc | 7.3.0 | 18.45 | 279.74 | 298.19 | OK | |
r-devel-linux-x86_64-fedora-clang | 7.3.0 | 496.69 | OK | |||
r-devel-linux-x86_64-fedora-gcc | 7.3.0 | 530.12 | OK | |||
r-devel-windows-x86_64 | 7.3.0 | 26.00 | 313.00 | 339.00 | OK | |
r-patched-linux-x86_64 | 7.3.0 | OK | ||||
r-release-linux-x86_64 | 7.3.0 | 21.48 | 360.56 | 382.04 | OK | |
r-release-macos-arm64 | 7.3.0 | 138.00 | NOTE | |||
r-release-macos-x86_64 | 7.3.0 | 255.00 | NOTE | |||
r-release-windows-x86_64 | 7.3.0 | 35.00 | 376.00 | 411.00 | OK | |
r-oldrel-macos-arm64 | 7.3.0 | 138.00 | NOTE | |||
r-oldrel-macos-x86_64 | 7.3.0 | 163.00 | NOTE | |||
r-oldrel-windows-x86_64 | 7.3.0 | 32.00 | 365.00 | 397.00 | OK |
Version: 7.3.0
Check: package dependencies
Result: NOTE
Package suggested but not available for checking: ‘Rmpi’
Flavors: r-release-macos-arm64, r-release-macos-x86_64, r-oldrel-macos-arm64, r-oldrel-macos-x86_64