Last updated on 2023-06-05 05:54:37 CEST.
Flavor | Version | Tinstall | Tcheck | Ttotal | Status | Flags |
---|---|---|---|---|---|---|
r-devel-linux-x86_64-debian-clang | 1.2.2 | 9.80 | 160.91 | 170.71 | OK | |
r-devel-linux-x86_64-debian-gcc | 1.2.2 | 8.44 | 119.63 | 128.07 | OK | |
r-devel-linux-x86_64-fedora-clang | 1.2.2 | 203.27 | NOTE | |||
r-devel-linux-x86_64-fedora-gcc | 1.2.2 | 208.85 | NOTE | |||
r-devel-windows-x86_64 | 1.2.2 | 11.00 | 132.00 | 143.00 | NOTE | |
r-patched-linux-x86_64 | 1.2.2 | 15.96 | 148.20 | 164.16 | OK | |
r-release-linux-x86_64 | 1.2.2 | 10.49 | 149.56 | 160.05 | OK | |
r-release-macos-arm64 | 1.2.2 | 70.00 | NOTE | |||
r-release-macos-x86_64 | 1.2.2 | 119.00 | NOTE | |||
r-release-windows-x86_64 | 1.2.2 | 14.00 | 165.00 | 179.00 | NOTE | |
r-oldrel-macos-arm64 | 1.2.2 | 57.00 | NOTE | |||
r-oldrel-macos-x86_64 | 1.2.2 | 113.00 | NOTE | |||
r-oldrel-windows-x86_64 | 1.2.2 | 14.00 | 175.00 | 189.00 | NOTE |
Version: 1.2.2
Check: installed package size
Result: NOTE
installed size is 8.2Mb
sub-directories of 1Mb or more:
HaDeX 4.1Mb
doc 4.0Mb
Flavors: r-devel-linux-x86_64-fedora-clang, r-devel-windows-x86_64, r-release-macos-arm64, r-release-macos-x86_64, r-release-windows-x86_64, r-oldrel-macos-arm64, r-oldrel-macos-x86_64, r-oldrel-windows-x86_64
Version: 1.2.2
Check: dependencies in R code
Result: NOTE
Namespaces in Imports field not imported from:
‘DT’ ‘gsubfn’ ‘stringr’
All declared Imports should be used.
Flavors: r-devel-linux-x86_64-fedora-clang, r-devel-linux-x86_64-fedora-gcc, r-oldrel-macos-arm64, r-oldrel-macos-x86_64