Last updated on 2023-05-29 05:55:05 CEST.
Flavor | Version | Tinstall | Tcheck | Ttotal | Status | Flags |
---|---|---|---|---|---|---|
r-devel-linux-x86_64-debian-clang | 1.2.2 | 3.48 | 138.10 | 141.58 | OK | |
r-devel-linux-x86_64-debian-gcc | 1.2.2 | 3.02 | 108.62 | 111.64 | OK | |
r-devel-linux-x86_64-fedora-clang | 1.2.2 | 177.31 | NOTE | |||
r-devel-linux-x86_64-fedora-gcc | 1.2.2 | 196.82 | NOTE | |||
r-devel-windows-x86_64 | 1.2.2 | 6.00 | 156.00 | 162.00 | OK | |
r-patched-linux-x86_64 | 1.2.2 | 4.40 | 134.23 | 138.63 | OK | |
r-release-linux-x86_64 | 1.2.2 | 2.78 | 135.82 | 138.60 | OK | |
r-release-macos-arm64 | 1.2.2 | 72.00 | OK | |||
r-release-macos-x86_64 | 1.2.2 | 104.00 | OK | |||
r-release-windows-x86_64 | 1.2.2 | 6.00 | 179.00 | 185.00 | OK | |
r-oldrel-macos-arm64 | 1.2.2 | 68.00 | OK | |||
r-oldrel-macos-x86_64 | 1.2.2 | 83.00 | OK | |||
r-oldrel-windows-x86_64 | 1.2.2 | 7.00 | 178.00 | 185.00 | OK |
Version: 1.2.2
Check: dependencies in R code
Result: NOTE
Namespaces in Imports field not imported from:
‘recipes’ ‘tune’
All declared Imports should be used.
Flavors: r-devel-linux-x86_64-fedora-clang, r-devel-linux-x86_64-fedora-gcc