Last updated on 2023-06-09 05:55:00 CEST.
Flavor | Version | Tinstall | Tcheck | Ttotal | Status | Flags |
---|---|---|---|---|---|---|
r-devel-linux-x86_64-debian-clang | 1.1 | 126.95 | 33.59 | 160.54 | NOTE | |
r-devel-linux-x86_64-debian-gcc | 1.1 | 104.65 | 27.62 | 132.27 | NOTE | |
r-devel-linux-x86_64-fedora-clang | 1.1 | 263.40 | NOTE | |||
r-devel-linux-x86_64-fedora-gcc | 1.1 | 256.09 | NOTE | |||
r-devel-windows-x86_64 | 1.1 | 99.00 | 69.00 | 168.00 | NOTE | |
r-patched-linux-x86_64 | 1.1 | 112.42 | 33.60 | 146.02 | NOTE | |
r-release-linux-x86_64 | 1.1 | 110.27 | 33.32 | 143.59 | NOTE | |
r-release-macos-arm64 | 1.1 | 59.00 | NOTE | |||
r-release-macos-x86_64 | 1.1 | 101.00 | NOTE | |||
r-release-windows-x86_64 | 1.1 | 129.00 | 76.00 | 205.00 | NOTE | |
r-oldrel-macos-arm64 | 1.1 | 54.00 | NOTE | |||
r-oldrel-macos-x86_64 | 1.1 | 71.00 | NOTE | |||
r-oldrel-windows-x86_64 | 1.1 | 129.00 | 75.00 | 204.00 | NOTE |
Version: 1.1
Check: C++ specification
Result: NOTE
Specified C++11: please drop specification unless essential
Flavors: r-devel-linux-x86_64-debian-clang, r-devel-linux-x86_64-debian-gcc, r-devel-linux-x86_64-fedora-clang, r-devel-linux-x86_64-fedora-gcc, r-devel-windows-x86_64, r-patched-linux-x86_64, r-release-linux-x86_64, r-release-macos-arm64, r-release-macos-x86_64, r-release-windows-x86_64
Version: 1.1
Check: installed package size
Result: NOTE
installed size is 5.0Mb
sub-directories of 1Mb or more:
data 3.5Mb
libs 1.3Mb
Flavors: r-devel-windows-x86_64, r-release-macos-arm64, r-release-macos-x86_64, r-release-windows-x86_64, r-oldrel-macos-arm64, r-oldrel-macos-x86_64, r-oldrel-windows-x86_64