Last updated on 2023-06-07 05:58:21 CEST.
Flavor | Version | Tinstall | Tcheck | Ttotal | Status | Flags |
---|---|---|---|---|---|---|
r-devel-linux-x86_64-debian-clang | 2.7.4 | 15.17 | 144.11 | 159.28 | NOTE | |
r-devel-linux-x86_64-debian-gcc | 2.7.4 | 11.75 | 105.76 | 117.51 | NOTE | |
r-devel-linux-x86_64-fedora-clang | 2.7.4 | 189.96 | NOTE | |||
r-devel-linux-x86_64-fedora-gcc | 2.7.4 | 182.79 | NOTE | |||
r-devel-windows-x86_64 | 2.7.4 | 18.00 | 151.00 | 169.00 | NOTE | |
r-patched-linux-x86_64 | 2.7.4 | 11.34 | 133.82 | 145.16 | NOTE | |
r-release-linux-x86_64 | 2.7.4 | 12.61 | 133.41 | 146.02 | NOTE | |
r-release-macos-arm64 | 2.7.4 | 58.00 | NOTE | |||
r-release-macos-x86_64 | 2.7.4 | 96.00 | NOTE | |||
r-release-windows-x86_64 | 2.7.4 | 19.00 | 193.00 | 212.00 | NOTE | |
r-oldrel-macos-arm64 | 2.7.4 | 57.00 | OK | |||
r-oldrel-macos-x86_64 | 2.7.4 | 103.00 | OK | |||
r-oldrel-windows-x86_64 | 2.7.4 | 18.00 | 170.00 | 188.00 | OK |
Version: 2.7.4
Check: C++ specification
Result: NOTE
Specified C++11: please drop specification unless essential
Flavors: r-devel-linux-x86_64-debian-clang, r-devel-linux-x86_64-debian-gcc, r-devel-linux-x86_64-fedora-clang, r-devel-linux-x86_64-fedora-gcc, r-devel-windows-x86_64, r-patched-linux-x86_64, r-release-linux-x86_64, r-release-macos-arm64, r-release-macos-x86_64, r-release-windows-x86_64