Last updated on 2023-05-28 05:52:08 CEST.
Flavor | Version | Tinstall | Tcheck | Ttotal | Status | Flags |
---|---|---|---|---|---|---|
r-devel-linux-x86_64-debian-clang | 1.0.1 | 84.84 | 61.64 | 146.48 | NOTE | |
r-devel-linux-x86_64-debian-gcc | 1.0.1 | 69.05 | 48.00 | 117.05 | NOTE | |
r-devel-linux-x86_64-fedora-clang | 1.0.1 | 209.57 | NOTE | |||
r-devel-linux-x86_64-fedora-gcc | 1.0.1 | 247.28 | NOTE | |||
r-devel-windows-x86_64 | 1.0.1 | 69.00 | 109.00 | 178.00 | NOTE | |
r-patched-linux-x86_64 | 1.0.1 | 68.01 | 60.68 | 128.69 | NOTE | |
r-release-linux-x86_64 | 1.0.1 | 69.60 | 62.35 | 131.95 | NOTE | |
r-release-macos-arm64 | 1.0.1 | 63.00 | NOTE | |||
r-release-macos-x86_64 | 1.0.1 | 96.00 | NOTE | |||
r-release-windows-x86_64 | 1.0.1 | 89.00 | 122.00 | 211.00 | NOTE | |
r-oldrel-macos-arm64 | 1.0.1 | 57.00 | NOTE | |||
r-oldrel-macos-x86_64 | 1.0.1 | 69.00 | NOTE | |||
r-oldrel-windows-x86_64 | 1.0.1 | 89.00 | 120.00 | 209.00 | OK |
Version: 1.0.1
Check: C++ specification
Result: NOTE
Specified C++11: please drop specification unless essential
Flavors: r-devel-linux-x86_64-debian-clang, r-devel-linux-x86_64-debian-gcc, r-devel-linux-x86_64-fedora-clang, r-devel-linux-x86_64-fedora-gcc, r-devel-windows-x86_64, r-patched-linux-x86_64, r-release-linux-x86_64, r-release-macos-arm64, r-release-macos-x86_64, r-release-windows-x86_64
Version: 1.0.1
Check: compiled code
Result: NOTE
File ‘GiRaF/libs/GiRaF.so’:
Found no calls to: ‘R_registerRoutines’, ‘R_useDynamicSymbols’
It is good practice to register native routines and to disable symbol
search.
See ‘Writing portable packages’ in the ‘Writing R Extensions’ manual.
Flavors: r-devel-linux-x86_64-fedora-clang, r-devel-linux-x86_64-fedora-gcc
Version: 1.0.1
Check: installed package size
Result: NOTE
installed size is 7.1Mb
sub-directories of 1Mb or more:
libs 6.7Mb
Flavors: r-release-macos-arm64, r-release-macos-x86_64, r-oldrel-macos-arm64, r-oldrel-macos-x86_64