Last updated on 2023-06-04 05:50:43 CEST.
Flavor | Version | Tinstall | Tcheck | Ttotal | Status | Flags |
---|---|---|---|---|---|---|
r-devel-linux-x86_64-debian-clang | 2.1.7 | 103.84 | 341.48 | 445.32 | NOTE | |
r-devel-linux-x86_64-debian-gcc | 2.1.7 | 80.11 | 253.56 | 333.67 | NOTE | |
r-devel-linux-x86_64-fedora-clang | 2.1.7 | 577.81 | NOTE | |||
r-devel-linux-x86_64-fedora-gcc | 2.1.7 | 651.52 | NOTE | |||
r-devel-windows-x86_64 | 2.1.7 | 90.00 | 299.00 | 389.00 | NOTE | |
r-patched-linux-x86_64 | 2.1.7 | 74.05 | 334.28 | 408.33 | NOTE | |
r-release-linux-x86_64 | 2.1.7 | 75.96 | 326.13 | 402.09 | NOTE | |
r-release-macos-arm64 | 2.1.7 | 159.00 | NOTE | |||
r-release-macos-x86_64 | 2.1.7 | 283.00 | NOTE | |||
r-release-windows-x86_64 | 2.1.7 | 116.00 | 337.00 | 453.00 | NOTE | |
r-oldrel-macos-arm64 | 2.1.7 | 124.00 | NOTE | |||
r-oldrel-macos-x86_64 | 2.1.7 | 299.00 | NOTE | |||
r-oldrel-windows-x86_64 | 2.1.7 | 112.00 | 349.00 | 461.00 | OK |
Version: 2.1.7
Check: C++ specification
Result: NOTE
Specified C++14: please drop specification unless essential
Flavors: r-devel-linux-x86_64-debian-clang, r-devel-linux-x86_64-debian-gcc, r-devel-linux-x86_64-fedora-clang, r-devel-linux-x86_64-fedora-gcc, r-devel-windows-x86_64, r-patched-linux-x86_64, r-release-linux-x86_64, r-release-macos-arm64, r-release-macos-x86_64, r-release-windows-x86_64
Version: 2.1.7
Check: dependencies in R code
Result: NOTE
Namespace in Imports field not imported from: ‘methods’
All declared Imports should be used.
Flavors: r-devel-linux-x86_64-fedora-clang, r-devel-linux-x86_64-fedora-gcc, r-oldrel-macos-arm64, r-oldrel-macos-x86_64
Version: 2.1.7
Check: installed package size
Result: NOTE
installed size is 6.8Mb
sub-directories of 1Mb or more:
doc 2.0Mb
libs 4.2Mb
Flavors: r-release-macos-arm64, r-release-macos-x86_64, r-oldrel-macos-arm64, r-oldrel-macos-x86_64