Last updated on 2023-06-09 05:54:59 CEST.
Flavor | Version | Tinstall | Tcheck | Ttotal | Status | Flags |
---|---|---|---|---|---|---|
r-devel-linux-x86_64-debian-clang | 0.2.2 | 9.34 | 124.42 | 133.76 | OK | |
r-devel-linux-x86_64-debian-gcc | 0.2.2 | 6.99 | 89.73 | 96.72 | OK | |
r-devel-linux-x86_64-fedora-clang | 0.2.2 | 163.70 | OK | |||
r-devel-linux-x86_64-fedora-gcc | 0.2.2 | 151.84 | OK | |||
r-devel-windows-x86_64 | 0.2.2 | 11.00 | 109.00 | 120.00 | OK | |
r-patched-linux-x86_64 | 0.2.2 | 9.40 | 112.50 | 121.90 | OK | |
r-release-linux-x86_64 | 0.2.2 | 7.93 | 115.36 | 123.29 | OK | |
r-release-macos-arm64 | 0.2.2 | 49.00 | OK | |||
r-release-macos-x86_64 | 0.2.2 | 74.00 | NOTE | |||
r-release-windows-x86_64 | 0.2.2 | 12.00 | 131.00 | 143.00 | OK | |
r-oldrel-macos-arm64 | 0.2.2 | 47.00 | OK | |||
r-oldrel-macos-x86_64 | 0.2.2 | 65.00 | OK | |||
r-oldrel-windows-x86_64 | 0.2.2 | 14.00 | 132.00 | 146.00 | OK |
Version: 0.2.2
Check: package dependencies
Result: NOTE
Package suggested but not available for checking: ‘xgboost’
Flavor: r-release-macos-x86_64