Last updated on 2023-06-08 05:58:09 CEST.
Flavor | Version | Tinstall | Tcheck | Ttotal | Status | Flags |
---|---|---|---|---|---|---|
r-devel-linux-x86_64-debian-clang | 1.2 | 1.67 | 27.15 | 28.82 | OK | |
r-devel-linux-x86_64-debian-gcc | 1.2 | 1.77 | 20.75 | 22.52 | OK | |
r-devel-linux-x86_64-fedora-clang | 1.2 | 37.97 | NOTE | |||
r-devel-linux-x86_64-fedora-gcc | 1.2 | 36.10 | OK | |||
r-devel-windows-x86_64 | 1.2 | 3.00 | 49.00 | 52.00 | OK | |
r-patched-linux-x86_64 | 1.2 | 2.17 | 26.24 | 28.41 | OK | |
r-release-linux-x86_64 | 1.2 | 2.16 | 26.83 | 28.99 | OK | |
r-release-macos-arm64 | 1.2 | 17.00 | OK | |||
r-release-macos-x86_64 | 1.2 | 23.00 | OK | |||
r-release-windows-x86_64 | 1.2 | 3.00 | 57.00 | 60.00 | OK | |
r-oldrel-macos-arm64 | 1.2 | 17.00 | OK | |||
r-oldrel-macos-x86_64 | 1.2 | 36.00 | OK | |||
r-oldrel-windows-x86_64 | 1.2 | 33.00 | 75.00 | 108.00 | OK |
Version: 1.2
Check: Rd cross-references
Result: NOTE
Undeclared package ‘poibin’ in Rd xrefs
Flavor: r-devel-linux-x86_64-fedora-clang