CRAN Package Check Results for Package GaussianHMM1d

Last updated on 2023-05-30 05:57:34 CEST.

Flavor Version Tinstall Tcheck Ttotal Status Flags
r-devel-linux-x86_64-debian-clang 1.0.1 2.87 27.93 30.80 NOTE
r-devel-linux-x86_64-debian-gcc 1.0.1 1.67 21.95 23.62 NOTE
r-devel-linux-x86_64-fedora-clang 1.0.1 39.01 NOTE
r-devel-linux-x86_64-fedora-gcc 1.0.1 40.57 NOTE
r-devel-windows-x86_64 1.0.1 4.00 45.00 49.00 NOTE
r-patched-linux-x86_64 1.0.1 2.91 27.35 30.26 NOTE
r-release-linux-x86_64 1.0.1 2.71 27.66 30.37 NOTE
r-release-macos-arm64 1.0.1 20.00 NOTE
r-release-macos-x86_64 1.0.1 23.00 NOTE
r-release-windows-x86_64 1.0.1 4.00 47.00 51.00 NOTE
r-oldrel-macos-arm64 1.0.1 18.00 NOTE
r-oldrel-macos-x86_64 1.0.1 22.00 NOTE
r-oldrel-windows-x86_64 1.0.1 5.00 47.00 52.00 NOTE

Check Details

Version: 1.0.1
Check: LazyData
Result: NOTE
     'LazyData' is specified without a 'data' directory
Flavors: r-devel-linux-x86_64-debian-clang, r-devel-linux-x86_64-debian-gcc, r-devel-linux-x86_64-fedora-clang, r-devel-linux-x86_64-fedora-gcc, r-devel-windows-x86_64, r-patched-linux-x86_64, r-release-linux-x86_64, r-release-macos-arm64, r-release-macos-x86_64, r-release-windows-x86_64, r-oldrel-macos-arm64, r-oldrel-macos-x86_64, r-oldrel-windows-x86_64